{"id":109,"date":"2021-03-03T11:26:33","date_gmt":"2021-03-03T11:26:33","guid":{"rendered":"http:\/\/ai4s.blogs.upv.es\/?page_id=109"},"modified":"2025-12-21T10:32:02","modified_gmt":"2025-12-21T10:32:02","slug":"investigacion","status":"publish","type":"page","link":"https:\/\/ai4s.blogs.upv.es\/?page_id=109","title":{"rendered":"Investigaci\u00f3n"},"content":{"rendered":"<div>Estamos utilizando nuestra investigaci\u00f3n en ingenier\u00eda del agua para la sostenibilidad en cambiar el mundo para mejor. Nuestra investigaci\u00f3n se centra en la creaci\u00f3n de soluciones innovadoras a problemas de la vida real en una amplia gama de aspectos relacionados con la gesti\u00f3n del agua a trav\u00e9s de la ingenier\u00eda, la sostenibilidad a trav\u00e9s de la modelaci\u00f3n y la recuperaci\u00f3n energ\u00e9tica y las implicaciones en el mundo de la distribuci\u00f3n y la calidad del agua.<\/div>\n<p><!--themify_builder_static--><a href=\"https:\/\/ai4s.blogs.upv.es\/?page_id=3370\" > <img loading=\"lazy\" decoding=\"async\" src=\"https:\/\/ai4s.blogs.upv.es\/wp-content\/uploads\/2021\/03\/P5160033.jpg\" width=\"200\" height=\"200\" alt=\"Dise\u00f1o, An\u00e1lisis de operaci\u00f3n y Gesti\u00f3n Sostenible en Redes de Distribuci\u00f3n\"> <\/a> <\/p>\n<h3> <a href=\"https:\/\/ai4s.blogs.upv.es\/?page_id=3370\">Dise\u00f1o, An\u00e1lisis de operaci\u00f3n y Gesti\u00f3n Sostenible en Redes de Distribuci\u00f3n<\/a> <\/h3>\n<p><a href=\"https:\/\/ai4s.blogs.upv.es\/investigacion\/mmhre\/\" > <img loading=\"lazy\" decoding=\"async\" src=\"https:\/\/ai4s.blogs.upv.es\/wp-content\/uploads\/2021\/03\/inv03.png\" width=\"200\" height=\"200\" alt=\"Modelizaci\u00f3n de Maquinaria Hidr\u00e1ulica y Recuperaci\u00f3n Energ\u00e9tica\"> <\/a> <\/p>\n<h3> <a href=\"https:\/\/ai4s.blogs.upv.es\/investigacion\/mmhre\/\">Modelizaci\u00f3n de Maquinaria Hidr\u00e1ulica y Recuperaci\u00f3n Energ\u00e9tica<\/a> <\/h3>\n<p><a href=\"https:\/\/ai4s.blogs.upv.es\/investigacion\/optmiz\/\" > <img loading=\"lazy\" decoding=\"async\" src=\"https:\/\/ai4s.blogs.upv.es\/wp-content\/uploads\/2021\/03\/11_dp.png\" width=\"200\" height=\"200\" alt=\"Optimizaci\u00f3n de Sistemas Hidr\u00e1ulicos mediante programaci\u00f3n\"> <\/a> <\/p>\n<h3> <a href=\"https:\/\/ai4s.blogs.upv.es\/investigacion\/optmiz\/\">Optimizaci\u00f3n de Sistemas Hidr\u00e1ulicos mediante programaci\u00f3n<\/a> <\/h3>\n<p><a href=\"https:\/\/ai4s.blogs.upv.es\/investigacion\/cfd\/\" > <img loading=\"lazy\" decoding=\"async\" src=\"https:\/\/ai4s.blogs.upv.es\/wp-content\/uploads\/2021\/03\/CFD1.png\" width=\"200\" height=\"200\" alt=\"Modelaci\u00f3n a trav\u00e9s de la Fluidodin\u00e1mica Computacional de Flujos y Estructuras\"> <\/a> <\/p>\n<h3> <a href=\"https:\/\/ai4s.blogs.upv.es\/investigacion\/cfd\/\">Modelaci\u00f3n a trav\u00e9s de la Fluidodin\u00e1mica Computacional de Flujos y Estructuras<\/a> <\/h3>\n<p><a href=\"https:\/\/ai4s.blogs.upv.es\/investigacion\/dispersion\/\" > <img loading=\"lazy\" decoding=\"async\" src=\"https:\/\/ai4s.blogs.upv.es\/wp-content\/uploads\/2021\/03\/dispersionagua.png\" width=\"200\" height=\"200\" alt=\"Dispersi\u00f3n de Contaminantes en Agua y Atm\u00f3sfera\"> <\/a> <\/p>\n<h3> <a href=\"https:\/\/ai4s.blogs.upv.es\/investigacion\/dispersion\/\">Dispersi\u00f3n de Contaminantes en Agua y Atm\u00f3sfera<\/a> <\/h3>\n<p><a href=\"https:\/\/ai4s.blogs.upv.es\/?page_id=319\" > <img loading=\"lazy\" decoding=\"async\" src=\"https:\/\/ai4s.blogs.upv.es\/wp-content\/uploads\/2021\/05\/publicacioens.png\" width=\"206\" height=\"177\" alt=\"Publicaciones\"> <\/a> <\/p>\n<h3> <a href=\"https:\/\/ai4s.blogs.upv.es\/?page_id=319\">Publicaciones<\/a> <\/h3>\n<p><img loading=\"lazy\" decoding=\"async\" src=\"https:\/\/ai4s.blogs.upv.es\/wp-content\/uploads\/2021\/05\/proyctos.png\" width=\"205\" height=\"178\" alt=\"Proyectos Competetitivos\"> <\/p>\n<h3> Proyectos Competetitivos <\/h3>\n<p><img loading=\"lazy\" decoding=\"async\" src=\"https:\/\/ai4s.blogs.upv.es\/wp-content\/uploads\/2021\/05\/comiteeditor.png\" width=\"205\" height=\"178\" alt=\"C\u00f3mite de Editores\"> <\/p>\n<h3> C\u00f3mite de Editores <\/h3>\n<p><a href=\"https:\/\/ai4s.blogs.upv.es\/?page_id=3067\" > <img loading=\"lazy\" decoding=\"async\" src=\"https:\/\/ai4s.blogs.upv.es\/wp-content\/uploads\/2021\/05\/doctorandos.png\" width=\"205\" height=\"178\" alt=\"Doctorandos\"> <\/a> <\/p>\n<h3> <a href=\"https:\/\/ai4s.blogs.upv.es\/?page_id=3067\">Doctorandos<\/a> <\/h3>\n<p><!--\/themify_builder_static--><\/p>\n","protected":false},"excerpt":{"rendered":"<p>Estamos utilizando nuestra investigaci\u00f3n en ingenier\u00eda del agua para la sostenibilidad en cambiar el mundo para mejor. Nuestra investigaci\u00f3n se centra en la creaci\u00f3n de soluciones innovadoras a problemas de la vida real en una amplia gama de aspectos relacionados con la gesti\u00f3n del agua a trav\u00e9s de la ingenier\u00eda, la sostenibilidad a trav\u00e9s de [&hellip;]<\/p>\n","protected":false},"author":35003,"featured_media":0,"parent":0,"menu_order":3,"comment_status":"closed","ping_status":"closed","template":"","meta":{"om_disable_all_campaigns":false,"_monsterinsights_skip_tracking":false,"_monsterinsights_sitenote_active":false,"_monsterinsights_sitenote_note":"","_monsterinsights_sitenote_category":0,"footnotes":""},"class_list":["post-109","page","type-page","status-publish","hentry","has-post-title","has-post-date","has-post-category","has-post-tag","has-post-comment","has-post-author",""],"_links":{"self":[{"href":"https:\/\/ai4s.blogs.upv.es\/index.php?rest_route=\/wp\/v2\/pages\/109","targetHints":{"allow":["GET"]}}],"collection":[{"href":"https:\/\/ai4s.blogs.upv.es\/index.php?rest_route=\/wp\/v2\/pages"}],"about":[{"href":"https:\/\/ai4s.blogs.upv.es\/index.php?rest_route=\/wp\/v2\/types\/page"}],"author":[{"embeddable":true,"href":"https:\/\/ai4s.blogs.upv.es\/index.php?rest_route=\/wp\/v2\/users\/35003"}],"replies":[{"embeddable":true,"href":"https:\/\/ai4s.blogs.upv.es\/index.php?rest_route=%2Fwp%2Fv2%2Fcomments&post=109"}],"version-history":[{"count":7,"href":"https:\/\/ai4s.blogs.upv.es\/index.php?rest_route=\/wp\/v2\/pages\/109\/revisions"}],"predecessor-version":[{"id":6349,"href":"https:\/\/ai4s.blogs.upv.es\/index.php?rest_route=\/wp\/v2\/pages\/109\/revisions\/6349"}],"wp:attachment":[{"href":"https:\/\/ai4s.blogs.upv.es\/index.php?rest_route=%2Fwp%2Fv2%2Fmedia&parent=109"}],"curies":[{"name":"wp","href":"https:\/\/api.w.org\/{rel}","templated":true}]}}