{"id":199,"date":"2021-03-03T13:36:40","date_gmt":"2021-03-03T13:36:40","guid":{"rendered":"http:\/\/ai4s.blogs.upv.es\/?page_id=199"},"modified":"2025-12-20T10:28:25","modified_gmt":"2025-12-20T10:28:25","slug":"objetos-de-aprendizaje-mecanica-de-fluidos","status":"publish","type":"page","link":"https:\/\/ai4s.blogs.upv.es\/?page_id=199","title":{"rendered":"Mec\u00e1nica de Fluidos"},"content":{"rendered":"<p>Link Serie tem\u00e1tica (todos):<a href=\"https:\/\/www.youtube.com\/watch?v=YPMkBANXYt8&amp;list=PL6kQim6ljTJv4Onj-YcaNw4OrJKim8fOc\"> POLIMEDIAS MEC\u00c1NICA DE FLUIDOS<\/a><\/p>\n<p><!--themify_builder_static--><a href=\"https:\/\/ai4s.blogs.upv.es\/?page_id=286\" > <img loading=\"lazy\" decoding=\"async\" src=\"https:\/\/ai4s.blogs.upv.es\/wp-content\/uploads\/2021\/03\/propiedades1.png\" width=\"205\" height=\"178\" alt=\"Propiedades de los Fluidos\"> <\/a> <\/p>\n<h3> <a href=\"https:\/\/ai4s.blogs.upv.es\/?page_id=286\">Propiedades de los Fluidos<\/a> <\/h3>\n<p><a href=\"https:\/\/ai4s.blogs.upv.es\/?page_id=301\" > <img loading=\"lazy\" decoding=\"async\" src=\"https:\/\/ai4s.blogs.upv.es\/wp-content\/uploads\/2021\/03\/presa2.png\" width=\"205\" height=\"178\" alt=\"Est\u00e1tica de los Fluidos\"> <\/a> <\/p>\n<h3> <a href=\"https:\/\/ai4s.blogs.upv.es\/?page_id=301\">Est\u00e1tica de los Fluidos<\/a> <\/h3>\n<p><a href=\"https:\/\/ai4s.blogs.upv.es\/?page_id=3187\" > <img loading=\"lazy\" decoding=\"async\" src=\"https:\/\/ai4s.blogs.upv.es\/wp-content\/uploads\/2021\/03\/cinematica1.png\" width=\"205\" height=\"178\" alt=\"Cinem\u00e1tica de los Fluidos\"> <\/a> <\/p>\n<h3> <a href=\"https:\/\/ai4s.blogs.upv.es\/?page_id=3187\">Cinem\u00e1tica de los Fluidos<\/a> <\/h3>\n<p><a href=\"https:\/\/ai4s.blogs.upv.es\/?page_id=223\" > <img loading=\"lazy\" decoding=\"async\" src=\"https:\/\/ai4s.blogs.upv.es\/wp-content\/uploads\/2021\/03\/analisis.png\" width=\"206\" height=\"177\" alt=\"An\u00e1lisis de la Din\u00e1mica Integral\"> <\/a> <\/p>\n<h3> <a href=\"https:\/\/ai4s.blogs.upv.es\/?page_id=223\">An\u00e1lisis de la Din\u00e1mica Integral<\/a> <\/h3>\n<p><a href=\"https:\/\/ai4s.blogs.upv.es\/?page_id=3217\" > <img loading=\"lazy\" decoding=\"async\" src=\"https:\/\/ai4s.blogs.upv.es\/wp-content\/uploads\/2021\/03\/flujo-a-presion.jpg\" width=\"205\" height=\"178\" alt=\"Flujo a Presi\u00f3n\"> <\/a> <\/p>\n<h3> <a href=\"https:\/\/ai4s.blogs.upv.es\/?page_id=3217\">Flujo a Presi\u00f3n<\/a> <\/h3>\n<p><a href=\"https:\/\/ai4s.blogs.upv.es\/?page_id=3238\" > <img loading=\"lazy\" decoding=\"async\" src=\"https:\/\/ai4s.blogs.upv.es\/wp-content\/uploads\/2021\/03\/lamina-libre1.jpg\" width=\"205\" height=\"178\" alt=\"Lamina Libre\"> <\/a> <\/p>\n<h3> <a href=\"https:\/\/ai4s.blogs.upv.es\/?page_id=3238\">Lamina Libre<\/a> <\/h3>\n<p><!--\/themify_builder_static--><\/p>\n","protected":false},"excerpt":{"rendered":"<p>Link Serie tem\u00e1tica (todos): POLIMEDIAS MEC\u00c1NICA DE FLUIDOS Propiedades de los Fluidos Est\u00e1tica de los Fluidos Cinem\u00e1tica de los Fluidos An\u00e1lisis de la Din\u00e1mica Integral Flujo a Presi\u00f3n Lamina Libre<\/p>\n","protected":false},"author":35003,"featured_media":0,"parent":2569,"menu_order":1,"comment_status":"closed","ping_status":"closed","template":"","meta":{"om_disable_all_campaigns":false,"_monsterinsights_skip_tracking":false,"_monsterinsights_sitenote_active":false,"_monsterinsights_sitenote_note":"","_monsterinsights_sitenote_category":0,"footnotes":""},"class_list":["post-199","page","type-page","status-publish","hentry","has-post-title","has-post-date","has-post-category","has-post-tag","has-post-comment","has-post-author",""],"_links":{"self":[{"href":"https:\/\/ai4s.blogs.upv.es\/index.php?rest_route=\/wp\/v2\/pages\/199","targetHints":{"allow":["GET"]}}],"collection":[{"href":"https:\/\/ai4s.blogs.upv.es\/index.php?rest_route=\/wp\/v2\/pages"}],"about":[{"href":"https:\/\/ai4s.blogs.upv.es\/index.php?rest_route=\/wp\/v2\/types\/page"}],"author":[{"embeddable":true,"href":"https:\/\/ai4s.blogs.upv.es\/index.php?rest_route=\/wp\/v2\/users\/35003"}],"replies":[{"embeddable":true,"href":"https:\/\/ai4s.blogs.upv.es\/index.php?rest_route=%2Fwp%2Fv2%2Fcomments&post=199"}],"version-history":[{"count":7,"href":"https:\/\/ai4s.blogs.upv.es\/index.php?rest_route=\/wp\/v2\/pages\/199\/revisions"}],"predecessor-version":[{"id":6314,"href":"https:\/\/ai4s.blogs.upv.es\/index.php?rest_route=\/wp\/v2\/pages\/199\/revisions\/6314"}],"up":[{"embeddable":true,"href":"https:\/\/ai4s.blogs.upv.es\/index.php?rest_route=\/wp\/v2\/pages\/2569"}],"wp:attachment":[{"href":"https:\/\/ai4s.blogs.upv.es\/index.php?rest_route=%2Fwp%2Fv2%2Fmedia&parent=199"}],"curies":[{"name":"wp","href":"https:\/\/api.w.org\/{rel}","templated":true}]}}