{"id":3048,"date":"2021-03-11T05:09:23","date_gmt":"2021-03-11T05:09:23","guid":{"rendered":"http:\/\/ai4s.blogs.upv.es\/?page_id=3048"},"modified":"2025-12-17T15:39:19","modified_gmt":"2025-12-17T15:39:19","slug":"asociacion-de-bombas","status":"publish","type":"page","link":"https:\/\/ai4s.blogs.upv.es\/?page_id=3048","title":{"rendered":"Asociaci\u00f3n de Bombas"},"content":{"rendered":"<ol>\n<li><a href=\"http:\/\/hdl.handle.net\/10251\/100857\">Asociaci\u00f3n de turbom\u00e1quinas en una instalaci\u00f3n de bombeo<\/a><\/li>\n<li><a href=\"http:\/\/hdl.handle.net\/10251\/116109\">\u00a0Asociaci\u00f3n de bombas en serie: m\u00e1quinas iguales<\/a><\/li>\n<li><a href=\"http:\/\/hdl.handle.net\/10251\/116093\">Asociaci\u00f3n de bombas en serie: m\u00e1quinas diferentes<\/a><\/li>\n<li><a href=\"http:\/\/hdl.handle.net\/10251\/116099\">Asociaci\u00f3n de bombas en paralelo: m\u00e1quinas iguales<\/a><\/li>\n<li><a href=\"http:\/\/hdl.handle.net\/10251\/116104\">Asociaci\u00f3n de bombas en paralelo: m\u00e1quinas diferentes<\/a><\/li>\n<\/ol>\n<p><!--themify_builder_static--><!--\/themify_builder_static--><\/p>\n","protected":false},"excerpt":{"rendered":"<p>Asociaci\u00f3n de turbom\u00e1quinas en una instalaci\u00f3n de bombeo \u00a0Asociaci\u00f3n de bombas en serie: m\u00e1quinas iguales Asociaci\u00f3n de bombas en serie: m\u00e1quinas diferentes Asociaci\u00f3n de bombas en paralelo: m\u00e1quinas iguales Asociaci\u00f3n de bombas en paralelo: m\u00e1quinas diferentes<\/p>\n","protected":false},"author":35003,"featured_media":0,"parent":2731,"menu_order":2,"comment_status":"closed","ping_status":"closed","template":"","meta":{"om_disable_all_campaigns":false,"_monsterinsights_skip_tracking":false,"_monsterinsights_sitenote_active":false,"_monsterinsights_sitenote_note":"","_monsterinsights_sitenote_category":0,"footnotes":""},"class_list":["post-3048","page","type-page","status-publish","hentry","has-post-title","has-post-date","has-post-category","has-post-tag","has-post-comment","has-post-author",""],"_links":{"self":[{"href":"https:\/\/ai4s.blogs.upv.es\/index.php?rest_route=\/wp\/v2\/pages\/3048","targetHints":{"allow":["GET"]}}],"collection":[{"href":"https:\/\/ai4s.blogs.upv.es\/index.php?rest_route=\/wp\/v2\/pages"}],"about":[{"href":"https:\/\/ai4s.blogs.upv.es\/index.php?rest_route=\/wp\/v2\/types\/page"}],"author":[{"embeddable":true,"href":"https:\/\/ai4s.blogs.upv.es\/index.php?rest_route=\/wp\/v2\/users\/35003"}],"replies":[{"embeddable":true,"href":"https:\/\/ai4s.blogs.upv.es\/index.php?rest_route=%2Fwp%2Fv2%2Fcomments&post=3048"}],"version-history":[{"count":2,"href":"https:\/\/ai4s.blogs.upv.es\/index.php?rest_route=\/wp\/v2\/pages\/3048\/revisions"}],"predecessor-version":[{"id":6276,"href":"https:\/\/ai4s.blogs.upv.es\/index.php?rest_route=\/wp\/v2\/pages\/3048\/revisions\/6276"}],"up":[{"embeddable":true,"href":"https:\/\/ai4s.blogs.upv.es\/index.php?rest_route=\/wp\/v2\/pages\/2731"}],"wp:attachment":[{"href":"https:\/\/ai4s.blogs.upv.es\/index.php?rest_route=%2Fwp%2Fv2%2Fmedia&parent=3048"}],"curies":[{"name":"wp","href":"https:\/\/api.w.org\/{rel}","templated":true}]}}