{"id":3187,"date":"2021-03-16T10:49:00","date_gmt":"2021-03-16T10:49:00","guid":{"rendered":"http:\/\/ai4s.blogs.upv.es\/?page_id=3187"},"modified":"2025-12-09T13:30:07","modified_gmt":"2025-12-09T13:30:07","slug":"cinematica-de-los-fluidos","status":"publish","type":"page","link":"https:\/\/ai4s.blogs.upv.es\/?page_id=3187","title":{"rendered":"Cinem\u00e1tica de los Fluidos"},"content":{"rendered":"<ol>\n<li><em><strong><a href=\"https:\/\/polimedia upv es\/visor\/?id=876d5400-53a1-254f-896a-eb73c5d6c65e\">Introducci\u00f3n a la cinem\u00e1tica de fluidos: conceptos fundamentales<\/a>\u00a0<\/strong><\/em><\/li>\n<li><a href=\"https:\/\/polimedia upv es\/visor\/?id=c51f35b6-84b5-0b4c-8664-59e0a0a142d2\"><em><strong>Cinem\u00e1tica de fluidos: Caudal-velocidad-aceleraci\u00f3n\u00a0 El teorema de arrastre de Reynolds\u00a0<\/strong><\/em><\/a><\/li>\n<li><strong><a href=\"http:\/\/hdl.handle.net\/10251\/190265\">Cinem\u00e1tica de los fluidos. Clasificaci\u00f3n de los fluidos<\/a><\/strong><\/li>\n<li><strong><a href=\"http:\/\/hdl.handle.net\/10251\/190255\">Cinem\u00e1tica de los fluidos. Conceptos generales <\/a><\/strong><\/li>\n<li><strong><a href=\"http:\/\/hdl.handle.net\/10251\/190263\">Cinem\u00e1tica de Fluidos. Caudal volum\u00e9trico y Caudal m\u00e1sico<\/a><\/strong><\/li>\n<li><strong><a href=\"http:\/\/hdl.handle.net\/10251\/190266\">Teorema de arrastre de Reynolds<\/a><\/strong><\/li>\n<\/ol>\n<p><!--themify_builder_static--><!--\/themify_builder_static--><\/p>\n","protected":false},"excerpt":{"rendered":"<p>Introducci\u00f3n a la cinem\u00e1tica de fluidos: conceptos fundamentales\u00a0 Cinem\u00e1tica de fluidos: Caudal-velocidad-aceleraci\u00f3n\u00a0 El teorema de arrastre de Reynolds\u00a0 Cinem\u00e1tica de los fluidos. Clasificaci\u00f3n de los fluidos Cinem\u00e1tica de los fluidos. Conceptos generales Cinem\u00e1tica de Fluidos. Caudal volum\u00e9trico y Caudal m\u00e1sico Teorema de arrastre de Reynolds<\/p>\n","protected":false},"author":35003,"featured_media":0,"parent":199,"menu_order":3,"comment_status":"closed","ping_status":"closed","template":"","meta":{"om_disable_all_campaigns":false,"_monsterinsights_skip_tracking":false,"_monsterinsights_sitenote_active":false,"_monsterinsights_sitenote_note":"","_monsterinsights_sitenote_category":0,"footnotes":""},"class_list":["post-3187","page","type-page","status-publish","hentry","has-post-title","has-post-date","has-post-category","has-post-tag","has-post-comment","has-post-author",""],"_links":{"self":[{"href":"https:\/\/ai4s.blogs.upv.es\/index.php?rest_route=\/wp\/v2\/pages\/3187","targetHints":{"allow":["GET"]}}],"collection":[{"href":"https:\/\/ai4s.blogs.upv.es\/index.php?rest_route=\/wp\/v2\/pages"}],"about":[{"href":"https:\/\/ai4s.blogs.upv.es\/index.php?rest_route=\/wp\/v2\/types\/page"}],"author":[{"embeddable":true,"href":"https:\/\/ai4s.blogs.upv.es\/index.php?rest_route=\/wp\/v2\/users\/35003"}],"replies":[{"embeddable":true,"href":"https:\/\/ai4s.blogs.upv.es\/index.php?rest_route=%2Fwp%2Fv2%2Fcomments&post=3187"}],"version-history":[{"count":3,"href":"https:\/\/ai4s.blogs.upv.es\/index.php?rest_route=\/wp\/v2\/pages\/3187\/revisions"}],"predecessor-version":[{"id":6235,"href":"https:\/\/ai4s.blogs.upv.es\/index.php?rest_route=\/wp\/v2\/pages\/3187\/revisions\/6235"}],"up":[{"embeddable":true,"href":"https:\/\/ai4s.blogs.upv.es\/index.php?rest_route=\/wp\/v2\/pages\/199"}],"wp:attachment":[{"href":"https:\/\/ai4s.blogs.upv.es\/index.php?rest_route=%2Fwp%2Fv2%2Fmedia&parent=3187"}],"curies":[{"name":"wp","href":"https:\/\/api.w.org\/{rel}","templated":true}]}}