{"id":3238,"date":"2021-03-16T11:02:12","date_gmt":"2021-03-16T11:02:12","guid":{"rendered":"http:\/\/ai4s.blogs.upv.es\/?page_id=3238"},"modified":"2026-03-11T13:03:26","modified_gmt":"2026-03-11T13:03:26","slug":"lamina-libre-2","status":"publish","type":"page","link":"https:\/\/ai4s.blogs.upv.es\/?page_id=3238","title":{"rendered":"L\u00e1mina Libre"},"content":{"rendered":"<ol>\n<li><a href=\"http:\/\/hdl.handle.net\/10251\/82998\">Introducci\u00f3n al c\u00e1lculo a l\u00e1mina libre<\/a><\/li>\n<li><a href=\"https:\/\/riunet.upv.es\/handle\/10251\/220452\">Flujo en l\u00e1mina libre.\u00a0 Clasificaci\u00f3n<\/a><\/li>\n<li><a href=\"https:\/\/riunet.upv.es\/handle\/10251\/220453\">Flujo en l\u00e1mina libre. Caracterizaci\u00f3n de una secci\u00f3n<\/a><\/li>\n<li><a href=\"https:\/\/riunet.upv.es\/handle\/10251\/220454\">Flujo en l\u00e1mina libre. Principios generales<\/a><\/li>\n<li><a href=\"https:\/\/riunet.upv.es\/handle\/10251\/220455\">Flujo en l\u00e1mina libre. C\u00e1lculo de flujo permanente mediante la ecuaci\u00f3n de Manning<\/a><\/li>\n<li><a href=\"https:\/\/riunet.upv.es\/handle\/10251\/220491\">Flujo en l\u00e1mina libre. Ecuaci\u00f3n de Manning aplicada a secciones circulares <\/a><\/li>\n<li><a href=\"https:\/\/riunet.upv.es\/handle\/10251\/220495\">Flujo en l\u00e1mina libre. Energ\u00eda espec\u00edfica<\/a><\/li>\n<li><a href=\"https:\/\/riunet.upv.es\/handle\/10251\/220488\">Flujo en l\u00e1mina libre. R\u00e9gimen cr\u00edtico<\/a><\/li>\n<li><a href=\"https:\/\/riunet.upv.es\/handle\/10251\/230686\"><span data-olk-copy-source=\"MessageBody\">Flujo en l\u00e1mina libre. Energ\u00eda espec\u00edfica aplicada a un resalto hidr\u00e1ulico<\/span><\/a><\/li>\n<li><a href=\"https:\/\/riunet.upv.es\/handle\/10251\/230684\"><span data-olk-copy-source=\"MessageBody\">Flujo en l\u00e1mina libre. Secci\u00f3n hidr\u00e1ulica m\u00e1s eficaz<\/span><\/a><\/li>\n<li><a href=\"https:\/\/riunet.upv.es\/handle\/10251\/230685\"><span data-olk-copy-source=\"MessageBody\">Flujo en l\u00e1mina libre. Energ\u00eda espec\u00edfica aplicada a un cambio de pendiente<\/span><\/a><\/li>\n<li><a href=\"https:\/\/riunet.upv.es\/handle\/10251\/233326\"><span data-olk-copy-source=\"MessageBody\">Flujo en l\u00e1mina libre. Energ\u00eda espec\u00edfica aplicada a un cambio de nivel<\/span><\/a><\/li>\n<li><a href=\"https:\/\/riunet.upv.es\/handle\/10251\/231811\"><span data-olk-copy-source=\"MessageBody\">Flujo en l\u00e1mina libre. Energ\u00eda espec\u00edfica aplicada a un cambio de nivel sin energ\u00eda suficiente<\/span><\/a><\/li>\n<li><a href=\"https:\/\/riunet.upv.es\/handle\/10251\/231812\"><span data-olk-copy-source=\"MessageBody\">Flujo en l\u00e1mina libre. Energ\u00eda espec\u00edfica aplicada a la descarga libre de una compuerta sumergida<\/span><\/a><\/li>\n<\/ol>\n<p><!--themify_builder_static--><!--\/themify_builder_static--><\/p>\n","protected":false},"excerpt":{"rendered":"<p>Introducci\u00f3n al c\u00e1lculo a l\u00e1mina libre Flujo en l\u00e1mina libre.\u00a0 Clasificaci\u00f3n Flujo en l\u00e1mina libre. Caracterizaci\u00f3n de una secci\u00f3n Flujo en l\u00e1mina libre. Principios generales Flujo en l\u00e1mina libre. C\u00e1lculo de flujo permanente mediante la ecuaci\u00f3n de Manning Flujo en l\u00e1mina libre. Ecuaci\u00f3n de Manning aplicada a secciones circulares Flujo en l\u00e1mina libre. Energ\u00eda espec\u00edfica [&hellip;]<\/p>\n","protected":false},"author":35003,"featured_media":0,"parent":199,"menu_order":6,"comment_status":"closed","ping_status":"closed","template":"","meta":{"om_disable_all_campaigns":false,"_monsterinsights_skip_tracking":false,"_monsterinsights_sitenote_active":false,"_monsterinsights_sitenote_note":"","_monsterinsights_sitenote_category":0,"footnotes":""},"class_list":["post-3238","page","type-page","status-publish","hentry","has-post-title","has-post-date","has-post-category","has-post-tag","has-post-comment","has-post-author",""],"_links":{"self":[{"href":"https:\/\/ai4s.blogs.upv.es\/index.php?rest_route=\/wp\/v2\/pages\/3238","targetHints":{"allow":["GET"]}}],"collection":[{"href":"https:\/\/ai4s.blogs.upv.es\/index.php?rest_route=\/wp\/v2\/pages"}],"about":[{"href":"https:\/\/ai4s.blogs.upv.es\/index.php?rest_route=\/wp\/v2\/types\/page"}],"author":[{"embeddable":true,"href":"https:\/\/ai4s.blogs.upv.es\/index.php?rest_route=\/wp\/v2\/users\/35003"}],"replies":[{"embeddable":true,"href":"https:\/\/ai4s.blogs.upv.es\/index.php?rest_route=%2Fwp%2Fv2%2Fcomments&post=3238"}],"version-history":[{"count":10,"href":"https:\/\/ai4s.blogs.upv.es\/index.php?rest_route=\/wp\/v2\/pages\/3238\/revisions"}],"predecessor-version":[{"id":6391,"href":"https:\/\/ai4s.blogs.upv.es\/index.php?rest_route=\/wp\/v2\/pages\/3238\/revisions\/6391"}],"up":[{"embeddable":true,"href":"https:\/\/ai4s.blogs.upv.es\/index.php?rest_route=\/wp\/v2\/pages\/199"}],"wp:attachment":[{"href":"https:\/\/ai4s.blogs.upv.es\/index.php?rest_route=%2Fwp%2Fv2%2Fmedia&parent=3238"}],"curies":[{"name":"wp","href":"https:\/\/api.w.org\/{rel}","templated":true}]}}