{"id":3568,"date":"2021-03-17T05:21:12","date_gmt":"2021-03-17T05:21:12","guid":{"rendered":"http:\/\/ai4s.blogs.upv.es\/?page_id=3568"},"modified":"2025-12-09T13:27:08","modified_gmt":"2025-12-09T13:27:08","slug":"indicadores-de-calidad","status":"publish","type":"page","link":"https:\/\/ai4s.blogs.upv.es\/?page_id=3568","title":{"rendered":"Indicadores de Calidad"},"content":{"rendered":"<ol>\n<li><a href=\"http:\/\/hdl.handle.net\/10251\/100846\">Los procesos involucrados en la potabilizaci\u00f3n del agua<\/a><\/li>\n<li><a href=\"http:\/\/hdl.handle.net\/10251\/119753\">Indicadores biol\u00f3gicos de la calidad del agua potable<\/a><\/li>\n<li><a href=\"http:\/\/hdl.handle.net\/10251\/119692\">Indicadores f\u00edsico-qu\u00edmicos de la calidad del agua potable<\/a><\/li>\n<li><a href=\"http:\/\/hdl.handle.net\/10251\/119687\">Indicadores est\u00e9ticos de la calidad del agua potable<\/a><\/li>\n<li><a href=\"https:\/\/polimedia upv es\/visor\/?id=7a28d750-3567-11e7-8aa7-5b2740a8fd5f\">Control de calidad de agua para consumo humano\u00a0<\/a><\/li>\n<\/ol>\n<p><!--themify_builder_static--><!--\/themify_builder_static--><\/p>\n","protected":false},"excerpt":{"rendered":"<p>Los procesos involucrados en la potabilizaci\u00f3n del agua Indicadores biol\u00f3gicos de la calidad del agua potable Indicadores f\u00edsico-qu\u00edmicos de la calidad del agua potable Indicadores est\u00e9ticos de la calidad del agua potable Control de calidad de agua para consumo humano\u00a0<\/p>\n","protected":false},"author":35003,"featured_media":0,"parent":3544,"menu_order":0,"comment_status":"closed","ping_status":"closed","template":"","meta":{"om_disable_all_campaigns":false,"_monsterinsights_skip_tracking":false,"_monsterinsights_sitenote_active":false,"_monsterinsights_sitenote_note":"","_monsterinsights_sitenote_category":0,"footnotes":""},"class_list":["post-3568","page","type-page","status-publish","hentry","has-post-title","has-post-date","has-post-category","has-post-tag","has-post-comment","has-post-author",""],"_links":{"self":[{"href":"https:\/\/ai4s.blogs.upv.es\/index.php?rest_route=\/wp\/v2\/pages\/3568","targetHints":{"allow":["GET"]}}],"collection":[{"href":"https:\/\/ai4s.blogs.upv.es\/index.php?rest_route=\/wp\/v2\/pages"}],"about":[{"href":"https:\/\/ai4s.blogs.upv.es\/index.php?rest_route=\/wp\/v2\/types\/page"}],"author":[{"embeddable":true,"href":"https:\/\/ai4s.blogs.upv.es\/index.php?rest_route=\/wp\/v2\/users\/35003"}],"replies":[{"embeddable":true,"href":"https:\/\/ai4s.blogs.upv.es\/index.php?rest_route=%2Fwp%2Fv2%2Fcomments&post=3568"}],"version-history":[{"count":3,"href":"https:\/\/ai4s.blogs.upv.es\/index.php?rest_route=\/wp\/v2\/pages\/3568\/revisions"}],"predecessor-version":[{"id":6206,"href":"https:\/\/ai4s.blogs.upv.es\/index.php?rest_route=\/wp\/v2\/pages\/3568\/revisions\/6206"}],"up":[{"embeddable":true,"href":"https:\/\/ai4s.blogs.upv.es\/index.php?rest_route=\/wp\/v2\/pages\/3544"}],"wp:attachment":[{"href":"https:\/\/ai4s.blogs.upv.es\/index.php?rest_route=%2Fwp%2Fv2%2Fmedia&parent=3568"}],"curies":[{"name":"wp","href":"https:\/\/api.w.org\/{rel}","templated":true}]}}