{"id":3864,"date":"2021-03-25T05:03:35","date_gmt":"2021-03-25T05:03:35","guid":{"rendered":"http:\/\/ai4s.blogs.upv.es\/?page_id=3864"},"modified":"2025-12-09T13:25:49","modified_gmt":"2025-12-09T13:25:49","slug":"edicion-de-libros","status":"publish","type":"page","link":"https:\/\/ai4s.blogs.upv.es\/?page_id=3864","title":{"rendered":"Edici\u00f3n de Libros"},"content":{"rendered":"<ol>\n<li>P\u00e9rez-S\u00e1nchez, Modesto; G\u00f3mez Sell\u00e9s, Elena (2024). Mec\u00e1nica de Fluidos<i>: problemas y objetos de aprendizaje<\/i>. Editorial Universitat Polit\u00e8cnica de Val\u00e8ncia. ISBN: 978-84-1396-164-4 (versi\u00f3n electr\u00f3nica) DOI: https:\/\/doi.org\/10.4995\/REA.2024.671201 (<a href=\"https:\/\/www.lalibreria.upv.es\/portalEd\/UpvGEStore\/products\/p_6712-1-1\">acceso gratuito<\/a>)<\/li>\n<li>P\u00e9rez-S\u00e1nchez, Modesto; L\u00f3pez Jim\u00e9nez, Petra Amparo(2020).\u00a0<i>Ingenier\u00eda Fluidomec\u00e1nica aplicada a maquinaria hidr\u00e1ulica: problemas y objetos de aprendizaje<\/i>. Editorial Universitat Polit\u00e8cnica de Val\u00e8ncia. 9788490488935 (<a href=\"https:\/\/riunet.upv.es\/handle\/10251\/146821\">acceso gratuito<\/a>)<\/li>\n<li>P\u00e9rez-S\u00e1nchez, Modesto; Galstyan-Sargsyan, Ruzan; Belda Torrijos, M\u00f3nica; L\u00f3pez Jim\u00e9nez, Petra Amparo(2019).\u00a0<i>Playing and Learning using robotics among university students<\/i>. Nova Science Publisher. 978-1-53616-270-7<\/li>\n<li>Galstyan-Sargsyan, Ruzan; Belda Torrijos, M\u00f3nica; L\u00f3pez Jim\u00e9nez, Petra Amparo; P\u00e9rez-S\u00e1nchez, Modesto. (2019). Engineering and the future. New Methods Technology Integrated (1 &#8211; 14). Nova Publisher. 978-1-53614-565-6<\/li>\n<li>Aguilar, A; Diaz-Madro\u00f1ero, Manuel; Mula, Josefa, P\u00e9rez-S\u00e1nchez, Modesto (2019).\u00a0Innovaci\u00f3n y mejora educativa en la Escuela Polit\u00e9cnica Superior de Alcoy (2014-2018) (83 &#8211; 96). Editorial Universitat Polit\u00e8cnica de Val\u00e8ncia. 978-84-9048-779-2<\/li>\n<li>L\u00f3pez Jim\u00e9nez, P. Amparo; Vicente S. Fuertes; Pedro L. Iglesias; Joaqu\u00edn Izquierdo(2007). <i>Terminologia hidr\u00e0ulica multiling\u00fce<\/i>. Universidad Polit\u00e9cnica de Valencia. 978-84-8363-209-3<\/li>\n<li>L\u00f3pez Jim\u00e9nez, Petra Amparo; Vicent Espert(2002). <i>Ampliaci\u00f3n de medio ambiente b). Modelos matem\u00e1ticos de dispersi\u00f3n de contaminantes<\/i>. Editorial UPV. SPUPV 2002.242<\/li>\n<li>Vicent Espert Alemany; L\u00f3pez Jim\u00e9nez, Petra Amparo(2000). <i>Dispersi\u00f3n de contaminantes en la atm\u00f3sfera<\/i>. Servicio de Publicaciones UPV. 84-7721-914-1<\/li>\n<li>V. Espert; L\u00f3pez Jim\u00e9nez, Petra Amparo (1998). <i>Complementos de tecnolog\u00eda del medio ambiente. M\u00f3dulo: Emisi\u00f3n y dispersi\u00f3n de contaminantes<\/i>. Servicio de Publicaciones de la UPV. SPUPV-98776<\/li>\n<li>Espert, V.; L\u00f3pez Jim\u00e9nez, Petra Amparo. <i>Contaminaci\u00f3n atmosf\u00e9rica. M\u00f3dulo: dispersi\u00f3n de contaminantes<\/i><\/li>\n<\/ol>\n<p><!--themify_builder_static--><!--\/themify_builder_static--><\/p>\n","protected":false},"excerpt":{"rendered":"<p>P\u00e9rez-S\u00e1nchez, Modesto; G\u00f3mez Sell\u00e9s, Elena (2024). Mec\u00e1nica de Fluidos: problemas y objetos de aprendizaje. Editorial Universitat Polit\u00e8cnica de Val\u00e8ncia. ISBN: 978-84-1396-164-4 (versi\u00f3n electr\u00f3nica) DOI: https:\/\/doi.org\/10.4995\/REA.2024.671201 (acceso gratuito) P\u00e9rez-S\u00e1nchez, Modesto; L\u00f3pez Jim\u00e9nez, Petra Amparo(2020).\u00a0Ingenier\u00eda Fluidomec\u00e1nica aplicada a maquinaria hidr\u00e1ulica: problemas y objetos de aprendizaje. Editorial Universitat Polit\u00e8cnica de Val\u00e8ncia. 9788490488935 (acceso gratuito) P\u00e9rez-S\u00e1nchez, Modesto; Galstyan-Sargsyan, Ruzan; [&hellip;]<\/p>\n","protected":false},"author":35003,"featured_media":0,"parent":3801,"menu_order":0,"comment_status":"closed","ping_status":"closed","template":"","meta":{"om_disable_all_campaigns":false,"_monsterinsights_skip_tracking":false,"_monsterinsights_sitenote_active":false,"_monsterinsights_sitenote_note":"","_monsterinsights_sitenote_category":0,"footnotes":""},"class_list":["post-3864","page","type-page","status-publish","hentry","has-post-title","has-post-date","has-post-category","has-post-tag","has-post-comment","has-post-author",""],"_links":{"self":[{"href":"https:\/\/ai4s.blogs.upv.es\/index.php?rest_route=\/wp\/v2\/pages\/3864","targetHints":{"allow":["GET"]}}],"collection":[{"href":"https:\/\/ai4s.blogs.upv.es\/index.php?rest_route=\/wp\/v2\/pages"}],"about":[{"href":"https:\/\/ai4s.blogs.upv.es\/index.php?rest_route=\/wp\/v2\/types\/page"}],"author":[{"embeddable":true,"href":"https:\/\/ai4s.blogs.upv.es\/index.php?rest_route=\/wp\/v2\/users\/35003"}],"replies":[{"embeddable":true,"href":"https:\/\/ai4s.blogs.upv.es\/index.php?rest_route=%2Fwp%2Fv2%2Fcomments&post=3864"}],"version-history":[{"count":4,"href":"https:\/\/ai4s.blogs.upv.es\/index.php?rest_route=\/wp\/v2\/pages\/3864\/revisions"}],"predecessor-version":[{"id":6195,"href":"https:\/\/ai4s.blogs.upv.es\/index.php?rest_route=\/wp\/v2\/pages\/3864\/revisions\/6195"}],"up":[{"embeddable":true,"href":"https:\/\/ai4s.blogs.upv.es\/index.php?rest_route=\/wp\/v2\/pages\/3801"}],"wp:attachment":[{"href":"https:\/\/ai4s.blogs.upv.es\/index.php?rest_route=%2Fwp%2Fv2%2Fmedia&parent=3864"}],"curies":[{"name":"wp","href":"https:\/\/api.w.org\/{rel}","templated":true}]}}