{"id":3930,"date":"2021-03-26T15:10:28","date_gmt":"2021-03-26T15:10:28","guid":{"rendered":"http:\/\/ai4s.blogs.upv.es\/publicaciones\/publicaciones-docentes-copy\/"},"modified":"2025-12-21T10:41:12","modified_gmt":"2025-12-21T10:41:12","slug":"publicacionesinvestigacion","status":"publish","type":"page","link":"https:\/\/ai4s.blogs.upv.es\/?page_id=3930","title":{"rendered":"Publicaciones Investigaci\u00f3n"},"content":{"rendered":"<p><!--themify_builder_static--><a href=\"https:\/\/ai4s.blogs.upv.es\/?page_id=3945\" > <img loading=\"lazy\" decoding=\"async\" src=\"https:\/\/ai4s.blogs.upv.es\/wp-content\/uploads\/2021\/03\/libros.png\" width=\"205\" height=\"178\" alt=\"Libros Investigaci\u00f3n\"> <\/a> <\/p>\n<h3> <a href=\"https:\/\/ai4s.blogs.upv.es\/?page_id=3945\">Libros Investigaci\u00f3n<\/a> <\/h3>\n<p><a href=\"https:\/\/ai4s.blogs.upv.es\/?page_id=3939\" > <img loading=\"lazy\" decoding=\"async\" src=\"https:\/\/ai4s.blogs.upv.es\/wp-content\/uploads\/2021\/03\/articulos.png\" width=\"205\" height=\"178\" alt=\"Art\u00edculos Investigaci\u00f3n\"> <\/a> <\/p>\n<h3> <a href=\"https:\/\/ai4s.blogs.upv.es\/?page_id=3939\">Art\u00edculos Investigaci\u00f3n<\/a> <\/h3>\n<p><a href=\"https:\/\/ai4s.blogs.upv.es\/?page_id=3933\" > <img loading=\"lazy\" decoding=\"async\" src=\"https:\/\/ai4s.blogs.upv.es\/wp-content\/uploads\/2021\/03\/congreso.png\" width=\"205\" height=\"178\" alt=\"Congresos Investigaci\u00f3n\"> <\/a> <\/p>\n<h3> <a href=\"https:\/\/ai4s.blogs.upv.es\/?page_id=3933\">Congresos Investigaci\u00f3n<\/a> <\/h3>\n<p><!--\/themify_builder_static--><\/p>\n","protected":false},"excerpt":{"rendered":"<p>Libros Investigaci\u00f3n Art\u00edculos Investigaci\u00f3n Congresos Investigaci\u00f3n<\/p>\n","protected":false},"author":35003,"featured_media":0,"parent":319,"menu_order":1,"comment_status":"closed","ping_status":"closed","template":"","meta":{"om_disable_all_campaigns":false,"_monsterinsights_skip_tracking":false,"_monsterinsights_sitenote_active":false,"_monsterinsights_sitenote_note":"","_monsterinsights_sitenote_category":0,"footnotes":""},"class_list":["post-3930","page","type-page","status-publish","hentry","has-post-title","has-post-date","has-post-category","has-post-tag","has-post-comment","has-post-author",""],"_links":{"self":[{"href":"https:\/\/ai4s.blogs.upv.es\/index.php?rest_route=\/wp\/v2\/pages\/3930","targetHints":{"allow":["GET"]}}],"collection":[{"href":"https:\/\/ai4s.blogs.upv.es\/index.php?rest_route=\/wp\/v2\/pages"}],"about":[{"href":"https:\/\/ai4s.blogs.upv.es\/index.php?rest_route=\/wp\/v2\/types\/page"}],"author":[{"embeddable":true,"href":"https:\/\/ai4s.blogs.upv.es\/index.php?rest_route=\/wp\/v2\/users\/35003"}],"replies":[{"embeddable":true,"href":"https:\/\/ai4s.blogs.upv.es\/index.php?rest_route=%2Fwp%2Fv2%2Fcomments&post=3930"}],"version-history":[{"count":6,"href":"https:\/\/ai4s.blogs.upv.es\/index.php?rest_route=\/wp\/v2\/pages\/3930\/revisions"}],"predecessor-version":[{"id":6354,"href":"https:\/\/ai4s.blogs.upv.es\/index.php?rest_route=\/wp\/v2\/pages\/3930\/revisions\/6354"}],"up":[{"embeddable":true,"href":"https:\/\/ai4s.blogs.upv.es\/index.php?rest_route=\/wp\/v2\/pages\/319"}],"wp:attachment":[{"href":"https:\/\/ai4s.blogs.upv.es\/index.php?rest_route=%2Fwp%2Fv2%2Fmedia&parent=3930"}],"curies":[{"name":"wp","href":"https:\/\/api.w.org\/{rel}","templated":true}]}}