{"id":3954,"date":"2025-12-09T13:20:59","date_gmt":"2025-12-09T13:20:59","guid":{"rendered":"http:\/\/ai4s.blogs.upv.es\/publicaciones\/publicaciones-docentes-copy\/libros-docentes-copy\/edicion-de-libros-copy\/"},"modified":"2025-12-09T13:20:59","modified_gmt":"2025-12-09T13:20:59","slug":"edicion-de-librosinv","status":"publish","type":"page","link":"https:\/\/ai4s.blogs.upv.es\/?page_id=3954","title":{"rendered":"Edici\u00f3n de Libros"},"content":{"rendered":"<p>P\u00e9rez-S\u00e1nchez, Modesto; L\u00f3pez Jim\u00e9nez, Petra Amparo; S\u00e1nchez-Romero, Francisco-Javier; Ramos, Helena M.(2020).\u00a0<i><strong>Bombas operando como turbinas (PAT). Principios de funcionamiento y selecci\u00f3n<\/strong><\/i>. Editorial Universitat Polit\u00e8cnica de Val\u00e8ncia. 9788490487945 (<a href=\"http:\/\/hdl.handle.net\/10251\/149847\">descarga gratuita<\/a>)<\/p>\n<p><img loading=\"lazy\" decoding=\"async\" class=\"alignnone wp-image-4249\" src=\"https:\/\/ai4s.blogs.upv.es\/wp-content\/uploads\/2021\/05\/bombas-operando-como-turbinas-pat-principios-de-funcionamiento-y-seleccion-579x478.jpg\" alt=\"\" width=\"376\" height=\"311\" \/><\/p>\n<p><!--themify_builder_static--><!--\/themify_builder_static--><\/p>\n","protected":false},"excerpt":{"rendered":"<p>P\u00e9rez-S\u00e1nchez, Modesto; L\u00f3pez Jim\u00e9nez, Petra Amparo; S\u00e1nchez-Romero, Francisco-Javier; Ramos, Helena M.(2020).\u00a0Bombas operando como turbinas (PAT). Principios de funcionamiento y selecci\u00f3n. Editorial Universitat Polit\u00e8cnica de Val\u00e8ncia. 9788490487945 (descarga gratuita)<\/p>\n","protected":false},"author":35003,"featured_media":0,"parent":3945,"menu_order":0,"comment_status":"closed","ping_status":"closed","template":"","meta":{"om_disable_all_campaigns":false,"_monsterinsights_skip_tracking":false,"_monsterinsights_sitenote_active":false,"_monsterinsights_sitenote_note":"","_monsterinsights_sitenote_category":0,"footnotes":""},"class_list":["post-3954","page","type-page","status-publish","hentry","has-post-title","has-post-date","has-post-category","has-post-tag","has-post-comment","has-post-author",""],"_links":{"self":[{"href":"https:\/\/ai4s.blogs.upv.es\/index.php?rest_route=\/wp\/v2\/pages\/3954","targetHints":{"allow":["GET"]}}],"collection":[{"href":"https:\/\/ai4s.blogs.upv.es\/index.php?rest_route=\/wp\/v2\/pages"}],"about":[{"href":"https:\/\/ai4s.blogs.upv.es\/index.php?rest_route=\/wp\/v2\/types\/page"}],"author":[{"embeddable":true,"href":"https:\/\/ai4s.blogs.upv.es\/index.php?rest_route=\/wp\/v2\/users\/35003"}],"replies":[{"embeddable":true,"href":"https:\/\/ai4s.blogs.upv.es\/index.php?rest_route=%2Fwp%2Fv2%2Fcomments&post=3954"}],"version-history":[{"count":3,"href":"https:\/\/ai4s.blogs.upv.es\/index.php?rest_route=\/wp\/v2\/pages\/3954\/revisions"}],"predecessor-version":[{"id":6162,"href":"https:\/\/ai4s.blogs.upv.es\/index.php?rest_route=\/wp\/v2\/pages\/3954\/revisions\/6162"}],"up":[{"embeddable":true,"href":"https:\/\/ai4s.blogs.upv.es\/index.php?rest_route=\/wp\/v2\/pages\/3945"}],"wp:attachment":[{"href":"https:\/\/ai4s.blogs.upv.es\/index.php?rest_route=%2Fwp%2Fv2%2Fmedia&parent=3954"}],"curies":[{"name":"wp","href":"https:\/\/api.w.org\/{rel}","templated":true}]}}