{"id":4365,"date":"2021-05-13T12:56:42","date_gmt":"2021-05-13T12:56:42","guid":{"rendered":"https:\/\/ai4s.blogs.upv.es\/?page_id=4365"},"modified":"2025-12-16T15:35:01","modified_gmt":"2025-12-16T15:35:01","slug":"transferencia-tecnologia","status":"publish","type":"page","link":"https:\/\/ai4s.blogs.upv.es\/?page_id=4365","title":{"rendered":"Transferencia Tecnolog\u00eda"},"content":{"rendered":"<p>El grupo ha desarrollado multitud de prestaciones de servicio mediante el cual se ha transferido la tecnolog\u00eda por parte del grupo<\/p>\n<ol>\n<li>An\u00e1lisis energ\u00e9ticos de sistemas de distribuci\u00f3n y propuestas de mejora<\/li>\n<li>An\u00e1lisis de recuperaci\u00f3n energ\u00e9tica en sistemas de distribuci\u00f3n, mediante sistemas de microgeneraci\u00f3n<\/li>\n<li><a href=\"https:\/\/ai4s.blogs.upv.es\/transferencia\/transferencia-tecnologia\/planes-de-emergencia-en-balsas\/\">Desarrollo de planes de emergencia en balsas, incluyendo mapas de inundaci\u00f3n, afecci\u00f3n y ac\u00fasticos<\/a><\/li>\n<\/ol>\n<p>&nbsp;<\/p>\n<p><!--themify_builder_static--><img src=\"data:image\/svg+xml,%3Csvg%20xmlns=%27http:\/\/www.w3.org\/2000\/svg%27%20width='205'%20height='178'%20viewBox=%270%200%20205%20178%27%3E%3C\/svg%3E\" loading=\"lazy\" data-lazy=\"1\" data-tf-not-load=\"1\" style=\"background:linear-gradient(to right,#ffffff 25%,#ffffff 25% 50%,#ffffff 50% 75%,#ffffff 75%),linear-gradient(to right,#ffffff 25%,#58eefe 25% 50%,#1e9df5 50% 75%,#ffffff 75%),linear-gradient(to right,#ffffff 25%,#ffffff 25% 50%,#c6c6c6 50% 75%,#ffffff 75%),linear-gradient(to right,#ffffff 25%,#ffffff 25% 50%,#ffffff 50% 75%,#ffffff 75%)\" decoding=\"async\" width=\"205\" height=\"178\" data-tf-src=\"https:\/\/ai4s.blogs.upv.es\/wp-content\/uploads\/2021\/05\/GO.png\" title=\"GO\" alt=\"GLOBAL OMNIUM\"><noscript><img decoding=\"async\" data-tf-not-load data-no-script src=\"https:\/\/ai4s.blogs.upv.es\/wp-content\/uploads\/2021\/05\/GO.png\" title=\"GO\" alt=\"GLOBAL OMNIUM\"><\/noscript> <\/p>\n<h3> GLOBAL OMNIUM <\/h3>\n<p><img src=\"data:image\/svg+xml,%3Csvg%20xmlns=%27http:\/\/www.w3.org\/2000\/svg%27%20width='206'%20height='177'%20viewBox=%270%200%20206%20177%27%3E%3C\/svg%3E\" loading=\"lazy\" data-lazy=\"1\" data-tf-not-load=\"1\" style=\"background:linear-gradient(to right,#ffffff 25%,#ffffff 25% 50%,#ffffff 50% 75%,#ffffff 75%),linear-gradient(to right,#ffffff 25%,#ffffff 25% 50%,#ffffff 50% 75%,#ffffff 75%),linear-gradient(to right,#005ef2 25%,#f1f1f1 25% 50%,#ffffff 50% 75%,#ffffff 75%),linear-gradient(to right,#ffffff 25%,#ffffff 25% 50%,#ffffff 50% 75%,#ffffff 75%)\" decoding=\"async\" width=\"206\" height=\"177\" data-tf-src=\"https:\/\/ai4s.blogs.upv.es\/wp-content\/uploads\/2021\/05\/tragsa.png\" title=\"tragsa\" alt=\"TRAGSA\"><noscript><img decoding=\"async\" data-tf-not-load data-no-script src=\"https:\/\/ai4s.blogs.upv.es\/wp-content\/uploads\/2021\/05\/tragsa.png\" title=\"tragsa\" alt=\"TRAGSA\"><\/noscript> <\/p>\n<h3> TRAGSA <\/h3>\n<p><img src=\"data:image\/svg+xml,%3Csvg%20xmlns=%27http:\/\/www.w3.org\/2000\/svg%27%20width='205'%20height='178'%20viewBox=%270%200%20205%20178%27%3E%3C\/svg%3E\" loading=\"lazy\" data-lazy=\"1\" data-tf-not-load=\"1\" style=\"background:linear-gradient(to right,#ffffff 25%,#ffffff 25% 50%,#ffffff 50% 75%,#ffffff 75%),linear-gradient(to right,#ffffff 25%,#ffffff 25% 50%,#ffffff 50% 75%,#ffffff 75%),linear-gradient(to right,#ffffff 25%,#ffffff 25% 50%,#ffffff 50% 75%,#ffffff 75%),linear-gradient(to right,#ffffff 25%,#ffffff 25% 50%,#d5192f 50% 75%,#ffffff 75%)\" decoding=\"async\" width=\"205\" height=\"178\" data-tf-src=\"https:\/\/ai4s.blogs.upv.es\/wp-content\/uploads\/2021\/05\/GVA.png\" title=\"GVA\" alt=\"GENERALITAT VALENCIANA\"><noscript><img decoding=\"async\" data-tf-not-load data-no-script src=\"https:\/\/ai4s.blogs.upv.es\/wp-content\/uploads\/2021\/05\/GVA.png\" title=\"GVA\" alt=\"GENERALITAT VALENCIANA\"><\/noscript> <\/p>\n<h3> GENERALITAT VALENCIANA <\/h3>\n<p><img src=\"data:image\/svg+xml,%3Csvg%20xmlns=%27http:\/\/www.w3.org\/2000\/svg%27%20width='205'%20height='178'%20viewBox=%270%200%20205%20178%27%3E%3C\/svg%3E\" loading=\"lazy\" data-lazy=\"1\" data-tf-not-load=\"1\" style=\"background:linear-gradient(to right,#fdfdff 25%,#f5f5f5 25% 50%,#fdfdfd 50% 75%,#f5f5f5 75%),linear-gradient(to right,#16298f 25%,#edeff1 25% 50%,#ffffff 50% 75%,#f3f3f3 75%),linear-gradient(to right,#0e3398 25%,#eeeefe 25% 50%,#7e7a79 50% 75%,#2a2124 75%),linear-gradient(to right,#f7f7f7 25%,#595657 25% 50%,#f1ecee 50% 75%,#fbfbfc 75%)\" decoding=\"async\" width=\"205\" height=\"178\" data-tf-src=\"https:\/\/ai4s.blogs.upv.es\/wp-content\/uploads\/2021\/05\/cgav.png\" title=\"cgav\" alt=\"CGUAV\"><noscript><img decoding=\"async\" data-tf-not-load data-no-script src=\"https:\/\/ai4s.blogs.upv.es\/wp-content\/uploads\/2021\/05\/cgav.png\" title=\"cgav\" alt=\"CGUAV\"><\/noscript> <\/p>\n<h3> CGUAV <\/h3>\n<p><!--\/themify_builder_static--><\/p>\n","protected":false},"excerpt":{"rendered":"<p>El grupo ha desarrollado multitud de prestaciones de servicio mediante el cual se ha transferido la tecnolog\u00eda por parte del grupo An\u00e1lisis energ\u00e9ticos de sistemas de distribuci\u00f3n y propuestas de mejora An\u00e1lisis de recuperaci\u00f3n energ\u00e9tica en sistemas de distribuci\u00f3n, mediante sistemas de microgeneraci\u00f3n Desarrollo de planes de emergencia en balsas, incluyendo mapas de inundaci\u00f3n, afecci\u00f3n [&hellip;]<\/p>\n","protected":false},"author":35003,"featured_media":0,"parent":2527,"menu_order":0,"comment_status":"closed","ping_status":"closed","template":"","meta":{"om_disable_all_campaigns":false,"_monsterinsights_skip_tracking":false,"_monsterinsights_sitenote_active":false,"_monsterinsights_sitenote_note":"","_monsterinsights_sitenote_category":0,"footnotes":""},"class_list":["post-4365","page","type-page","status-publish","hentry","has-post-title","has-post-date","has-post-category","has-post-tag","has-post-comment","has-post-author",""],"_links":{"self":[{"href":"https:\/\/ai4s.blogs.upv.es\/index.php?rest_route=\/wp\/v2\/pages\/4365","targetHints":{"allow":["GET"]}}],"collection":[{"href":"https:\/\/ai4s.blogs.upv.es\/index.php?rest_route=\/wp\/v2\/pages"}],"about":[{"href":"https:\/\/ai4s.blogs.upv.es\/index.php?rest_route=\/wp\/v2\/types\/page"}],"author":[{"embeddable":true,"href":"https:\/\/ai4s.blogs.upv.es\/index.php?rest_route=\/wp\/v2\/users\/35003"}],"replies":[{"embeddable":true,"href":"https:\/\/ai4s.blogs.upv.es\/index.php?rest_route=%2Fwp%2Fv2%2Fcomments&post=4365"}],"version-history":[{"count":4,"href":"https:\/\/ai4s.blogs.upv.es\/index.php?rest_route=\/wp\/v2\/pages\/4365\/revisions"}],"predecessor-version":[{"id":6262,"href":"https:\/\/ai4s.blogs.upv.es\/index.php?rest_route=\/wp\/v2\/pages\/4365\/revisions\/6262"}],"up":[{"embeddable":true,"href":"https:\/\/ai4s.blogs.upv.es\/index.php?rest_route=\/wp\/v2\/pages\/2527"}],"wp:attachment":[{"href":"https:\/\/ai4s.blogs.upv.es\/index.php?rest_route=%2Fwp%2Fv2%2Fmedia&parent=4365"}],"curies":[{"name":"wp","href":"https:\/\/api.w.org\/{rel}","templated":true}]}}