{"id":4604,"date":"2021-05-19T12:54:03","date_gmt":"2021-05-19T12:54:03","guid":{"rendered":"https:\/\/ai4s.blogs.upv.es\/docencia\/docencia-reglada-upv\/docencia-reglada-campus-de-alcoy\/ingenieria-fluidomecanica-12659-copy\/"},"modified":"2025-12-17T15:56:18","modified_gmt":"2025-12-17T15:56:18","slug":"seminariopats","status":"publish","type":"page","link":"https:\/\/ai4s.blogs.upv.es\/?page_id=4604","title":{"rendered":"Seminario PATs-MUIHMA"},"content":{"rendered":"<p><!--themify_builder_static--><\/p>\n<ul>\n<li>\n<h4>\u00bfQu\u00e9 abordamos en este seminario?<\/h4>\n<p>El seminario de PATs est\u00e1 incluido en el M\u00e1ster Universitario de Ingenier\u00eda Hidr\u00e1ulica y Medio Ambiente de la Universitat Polit\u00e8cnica de Val\u00e8ncia. El objetivo es&#8230;.<\/p>\n<\/li>\n<li>\n<h4>Unidades Did\u00e1cticas<\/h4>\n<ol>\n<li>M\u00e1quinas hidr\u00e1ulicas. Generalidades<\/li>\n<li>Turbom\u00e1quinas hidr\u00e1ulicas<\/li>\n<li>Turbinas hidr\u00e1ulicas<\/li>\n<li>Introducci\u00f3n y clasificaci\u00f3n de bombas hidr\u00e1ulicas<\/li>\n<li>Transformaci\u00f3n de energ\u00eda en un sistema de bombeo<\/li>\n<li>Regulaci\u00f3n de las turbobombas<\/li>\n<li>Funcionamiento de las turbobombas<\/li>\n<li>Instalaciones de bombeo<\/li>\n<\/ol>\n<\/li>\n<li>\n<h4>Calendario Academico<\/h4>\n<p>El calendario acad\u00e9mico lo encontrar\u00e1s en este <a href=\"http:\/\/www.epsa.upv.es\/calendario_academico.php?lang=es&amp;p=e\">link<\/a><\/p>\n<p><a href=\"http:\/\/www.epsa.upv.es\/calendario_academico.php?lang=es&amp;p=e\"><img decoding=\"async\" src=\"https:\/\/encrypted-tbn0.gstatic.com\/images?q=tbn:ANd9GcTGk6Yn_YDrtDo2zhV6xnvefShLnGpqZj-m1w&amp;usqp=CAU\" alt=\"Calendario laboral 2021, los d\u00edas festivos, puentes y macropuentes: fiestas nacionales, auton\u00f3micas y locales en M\u00e1laga | Diario Sur\" \/><\/a><\/p>\n<\/li>\n<li>\n<h4>Guia Docente <\/h4>\n<p>En la gu\u00eda docente encontraras toda la informaci\u00f3n relativa a la asignatura<\/p>\n<p><a href=\"https:\/\/gdocu.upv.es\/alfresco\/service\/api\/internal\/shared\/node\/content\/sq-mgm7-TLi33agaGx4kYg?a=true.pdf\"><img loading=\"lazy\" decoding=\"async\" src=\"https:\/\/ai4s.blogs.upv.es\/wp-content\/uploads\/2021\/05\/descarga-1.jpg\" alt=\"\" width=\"166\" height=\"124\" \/><\/a><\/p>\n<\/li>\n<\/ul>\n<ul>\n<li>\n<h4>Fechas de Interes<\/h4>\n<p>Acto 1\u00a0 20\/03\/2021 a las 12:30<\/p>\n<p>Acto 2\u00a0 24\/04\/2021 a las 10:30<\/p>\n<p>Acto 3\u00a0 31\/05\/2021 a las 10:30<\/p>\n<p>Acto 4\u00a0 Entrega del proyecto (31\/05\/2021 a las 23:55)<\/p>\n<\/li>\n<\/ul>\n<ul>\n<li>\n<h4>Profesores <\/h4>\n<p>Los profesores que imparten la asignatura son\u00a0<\/p>\n<p><a href=\"https:\/\/ai4s.blogs.upv.es\/pagina-ejemplo\/personas-en-el-dihma\/\">Modesto P\u00e9rez S\u00e1nchez<\/a> (Responsable de asignatura)<\/p>\n<p>Jose Ricardo Satorre Aznar<\/p>\n<p>\u00a0<\/p>\n<\/li>\n<\/ul>\n<ul>\n<li>\n<h4>Polimedias Recomendados<\/h4>\n<p>Los polimedias recomendados para aclarar conceptos generales se encuentran en el siguiente link<\/p>\n<ol>\n<li><a href=\"https:\/\/ai4s.blogs.upv.es\/maquinas-hidraulicas-clasificacion\/\">M\u00e1quinas Hidr\u00e1ulicas. Clasificaci\u00f3n<\/a><\/li>\n<li><a href=\"https:\/\/ai4s.blogs.upv.es\/publicaciones\/objetos-de-aprendizaje\/objetos-de-aprendizaje-mmhh\/ecuacion-de-euler-generalidades\/\">Ecuaci\u00f3n de Euler. Generalidades<\/a><\/li>\n<li><a href=\"https:\/\/ai4s.blogs.upv.es\/publicaciones\/objetos-de-aprendizaje\/objetos-de-aprendizaje-mmhh\/generacion-hidroelectrica-turbinas\/\">Generaci\u00f3n Hidroel\u00e9ctrica. Turbinas<\/a><\/li>\n<li><a href=\"https:\/\/ai4s.blogs.upv.es\/docencia\/objetos-de-aprendizaje-mmhh\/seleccion-de-bombas\/\">Selecci\u00f3n de Bombas<\/a><\/li>\n<li><a href=\"https:\/\/ai4s.blogs.upv.es\/publicaciones\/objetos-de-aprendizaje\/objetos-de-aprendizaje-mmhh\/lsrb\/\">Leyes de Semejanza. Regulaci\u00f3n de Bombas<\/a><\/li>\n<li><a href=\"https:\/\/ai4s.blogs.upv.es\/publicaciones\/objetos-de-aprendizaje\/objetos-de-aprendizaje-mmhh\/asociacion-de-bombas\/\">Asociaci\u00f3n de Bombas<\/a><\/li>\n<li><a href=\"https:\/\/ai4s.blogs.upv.es\/publicaciones\/objetos-de-aprendizaje\/objetos-de-aprendizaje-mmhh\/rsi\/\">Regulaci\u00f3n de Sistemas de Inyecci\u00f3n<\/a><\/li>\n<li><a href=\"https:\/\/ai4s.blogs.upv.es\/publicaciones\/objetos-de-aprendizaje\/objetos-de-aprendizaje-mmhh\/pmei\/\">Puesta en Marcha de Equipos de Inyecci\u00f3n<\/a><\/li>\n<li><a href=\"https:\/\/ai4s.blogs.upv.es\/cavitacion-en-maquinas-hidraulicas\/\">Cavitaci\u00f3n en M\u00e1quinas Hidr\u00e1ulicas<\/a><\/li>\n<li><a href=\"https:\/\/ai4s.blogs.upv.es\/publicaciones\/objetos-de-aprendizaje\/objetos-de-aprendizaje-mmhh\/mdp\/\">M\u00e1quinas Hidr\u00e1ulicas de Desplazamiento Positivo<\/a><\/li>\n<li>Bomba operando como Turbina (PAT)<\/li>\n<li><a href=\"https:\/\/ai4s.blogs.upv.es\/publicaciones\/objetos-de-aprendizaje\/objetos-de-aprendizaje-mmhh\/ccmmhh\/\">Maquinas Hidr\u00e1ulicas. Otros<\/a><\/li>\n<\/ol>\n<\/li>\n<\/ul>\n<ul>\n<li>\n<h4>Videos Recomendados<\/h4>\n<p>En esta secci\u00f3n podr\u00e1s encontrar videos que te ayudaran a comprender mejor diferentes aplicaciones vistas en la asignatura<\/p>\n<p>[themify_button style=\u00bblarge yellow rounded\u00bb color=\u00bb#ff7f50&#8243; link=\u00bbhttps:\/\/ai4s.blogs.upv.es\/videos-curiosidades-triangulo\/\u00bb text=\u00bb#000080&#8243; ]Triangulos de Velocidad [\/themify_button]<\/p>\n<p>[themify_button style=\u00bblarge yellow rounded\u00bb color=\u00bb#ff7f50&#8243; link=\u00bbhttps:\/\/ai4s.blogs.upv.es\/videos-curiosidades-turbinas\/\u00bb text=\u00bb#000080&#8243; ]Turbinas[\/themify_button]<\/p>\n<p>[themify_button style=\u00bblarge yellow rounded\u00bb color=\u00bb#ff7f50&#8243; link=\u00bbhttps:\/\/ai4s.blogs.upv.es\/videos-curiosidades-bombasrotodinamicas\/\u00bb text=\u00bb#000080&#8243; ]Bombas rotodin\u00e1micas[\/themify_button]<\/p>\n<p>[themify_button style=\u00bblarge yellow rounded\u00bb color=\u00bb#ff7f50&#8243; link=\u00bb<a href=\"https:\/\/ai4s.blogs.upv.es\/videos-curiosidades-regulacion\/\">https:\/\/ai4s.blogs.upv.es\/videos-curiosidades-regulacion\/<\/a>\u00bb text=\u00bb#000080&#8243; ]Bombas Desplazamiento Positivo [\/themify_button]<\/p>\n<p>[themify_button style=\u00bblarge yellow rounded\u00bb color=\u00bb#ff7f50&#8243; link=\u00bbhttps:\/\/ai4s.blogs.upv.es\/videos-curiosidades-regulacion\/\u00bb text=\u00bb#000080&#8243; ]Regulaci\u00f3n de Velocidad[\/themify_button]<\/p>\n<p>[themify_button style=\u00bblarge yellow rounded\u00bb color=\u00bb#ff7f50&#8243; link=\u00bbhttps:\/\/ai4s.blogs.upv.es\/videos-curiosidades-turbinas\/\u00bb text=\u00bb#000080&#8243; ] Asociaci\u00f3n [\/themify_button]<\/p>\n<p>[themify_button style=\u00bblarge yellow rounded\u00bb color=\u00bb#ff7f50&#8243; link=\u00bbhttps:\/\/ai4s.blogs.upv.es\/videos-curiosidades-elementos\/\u00bb text=\u00bb#000080&#8243; ]Elementos Estaci\u00f3n Bombeo[\/themify_button]<\/p>\n<p>[themify_button style=\u00bblarge yellow rounded\u00bb color=\u00bb#ff7f50&#8243; link=\u00bbhttps:\/\/ai4s.blogs.upv.es\/videos-curiosidades-transitorio\/\u00bb text=\u00bb#000080&#8243; ]Regimen Transitorio[\/themify_button]<\/p>\n<p>[themify_button style=\u00bblarge yellow rounded\u00bb color=\u00bb#ff7f50&#8243; link=\u00bbhttps:\/\/ai4s.blogs.upv.es\/videos-curiosidades-turbinas\/\u00bb text=\u00bb#000080&#8243; ]V\u00e1lvulas de Corte[\/themify_button]<\/p>\n<p>[themify_button style=\u00bblarge yellow rounded\u00bb color=\u00bb#ff7f50&#8243; link=\u00bbhttps:\/\/ai4s.blogs.upv.es\/videos-curiosidades-turbinas\/\u00bb text=\u00bb#000080&#8243; ]V\u00e1lvulas de Corte[\/themify_button]<\/p>\n<p>[themify_button style=\u00bblarge yellow rounded\u00bb color=\u00bb#ff7f50&#8243; link=\u00bbhttps:\/\/ai4s.blogs.upv.es\/videos-curiosidades-turbinas\/\u00bb text=\u00bb#000080&#8243; ]V\u00e1lvulas de Regulaci\u00f3n[\/themify_button]<\/p>\n<\/li>\n<\/ul>\n<ul>\n<li>\n<h4>Bibliograf\u00eda Recomendada<\/h4>\n<p>\u00a0<\/p>\n<p><b>Ingenier\u00eda Fluidomec\u00e1nica aplicada a maquinaria hidr\u00e1ulica: problemas y objetos de aprendizaje<\/b><\/p>\n<p><a href=\"https:\/\/www.lalibreria.upv.es\/portalEd\/UpvGEStore\/products\/p_6606-1-1\"><img loading=\"lazy\" decoding=\"async\" src=\"https:\/\/ai4s.blogs.upv.es\/wp-content\/uploads\/2021\/05\/Imagen1.png\" alt=\"\" width=\"224\" height=\"315\" \/><\/a><\/p>\n<\/li>\n<\/ul>\n<ul>\n<li>\n<h4>Actividades<\/h4>\n<p>En este espacio encontrar\u00e1s las diferentes actividades recomendadas en cada una de las unidades<\/p>\n<\/li>\n<\/ul>\n<ul>\n<li>\n<h4>Unidad 1<\/h4>\n<p>No hay actividades programadas<\/p>\n<\/li>\n<li>\n<h4>Unidad 2<\/h4>\n<p>No hay actividades programadas<\/p>\n<\/li>\n<li>\n<h4>Unidad 3<\/h4>\n<p>No hay actividades programadas<\/p>\n<\/li>\n<li>\n<h4>Unidad 4<\/h4>\n<p>No hay actividades programadas<\/p>\n<\/li>\n<li>\n<h4>Unidad 5<\/h4>\n<p>No hay actividades programadas<\/p>\n<\/li>\n<li>\n<h4>Unidad 6<\/h4>\n<p>No hay actividades programadas<\/p>\n<\/li>\n<li>\n<h4>Unidad 7<\/h4>\n<p>No hay actividades programadas<\/p>\n<\/li>\n<li>\n<h4>Unidad 8<\/h4>\n<p>No hay actividades programadas<\/p>\n<\/li>\n<\/ul>\n<p><!--\/themify_builder_static--><\/p>\n","protected":false},"excerpt":{"rendered":"<p>\u00bfQu\u00e9 abordamos en este seminario? El seminario de PATs est\u00e1 incluido en el M\u00e1ster Universitario de Ingenier\u00eda Hidr\u00e1ulica y Medio Ambiente de la Universitat Polit\u00e8cnica de Val\u00e8ncia. El objetivo es&#8230;. Unidades Did\u00e1cticas M\u00e1quinas hidr\u00e1ulicas. Generalidades Turbom\u00e1quinas hidr\u00e1ulicas Turbinas hidr\u00e1ulicas Introducci\u00f3n y clasificaci\u00f3n de bombas hidr\u00e1ulicas Transformaci\u00f3n de energ\u00eda en un sistema de bombeo Regulaci\u00f3n de [&hellip;]<\/p>\n","protected":false},"author":35003,"featured_media":0,"parent":4329,"menu_order":0,"comment_status":"closed","ping_status":"closed","template":"","meta":{"om_disable_all_campaigns":false,"_monsterinsights_skip_tracking":false,"_monsterinsights_sitenote_active":false,"_monsterinsights_sitenote_note":"","_monsterinsights_sitenote_category":0,"footnotes":""},"class_list":["post-4604","page","type-page","status-publish","hentry","has-post-title","has-post-date","has-post-category","has-post-tag","has-post-comment","has-post-author",""],"_links":{"self":[{"href":"https:\/\/ai4s.blogs.upv.es\/index.php?rest_route=\/wp\/v2\/pages\/4604","targetHints":{"allow":["GET"]}}],"collection":[{"href":"https:\/\/ai4s.blogs.upv.es\/index.php?rest_route=\/wp\/v2\/pages"}],"about":[{"href":"https:\/\/ai4s.blogs.upv.es\/index.php?rest_route=\/wp\/v2\/types\/page"}],"author":[{"embeddable":true,"href":"https:\/\/ai4s.blogs.upv.es\/index.php?rest_route=\/wp\/v2\/users\/35003"}],"replies":[{"embeddable":true,"href":"https:\/\/ai4s.blogs.upv.es\/index.php?rest_route=%2Fwp%2Fv2%2Fcomments&post=4604"}],"version-history":[{"count":3,"href":"https:\/\/ai4s.blogs.upv.es\/index.php?rest_route=\/wp\/v2\/pages\/4604\/revisions"}],"predecessor-version":[{"id":6284,"href":"https:\/\/ai4s.blogs.upv.es\/index.php?rest_route=\/wp\/v2\/pages\/4604\/revisions\/6284"}],"up":[{"embeddable":true,"href":"https:\/\/ai4s.blogs.upv.es\/index.php?rest_route=\/wp\/v2\/pages\/4329"}],"wp:attachment":[{"href":"https:\/\/ai4s.blogs.upv.es\/index.php?rest_route=%2Fwp%2Fv2%2Fmedia&parent=4604"}],"curies":[{"name":"wp","href":"https:\/\/api.w.org\/{rel}","templated":true}]}}