{"id":5481,"date":"2025-12-09T12:31:54","date_gmt":"2025-12-09T12:31:54","guid":{"rendered":"https:\/\/ai4s.blogs.upv.es\/?page_id=5481"},"modified":"2025-12-16T15:46:41","modified_gmt":"2025-12-16T15:46:41","slug":"congresos","status":"publish","type":"page","link":"https:\/\/ai4s.blogs.upv.es\/?page_id=5481","title":{"rendered":"Congresos"},"content":{"rendered":"<p><strong>2024<\/strong><\/p>\n<div class=\"upv_listanon\">P\u00e9rez-S\u00e1nchez, Modesto; Sanchis, R.; S\u00e1nchez-Romero, Francisco-Javier (2024).\u00a0<i><strong>Hydraulic And Business Engineering Education: Partnerships With Industry For Sdg Progress<\/strong><\/i>. EN\u00a0<i><b>16th International Conference on Education and New Learning Technologies (EDULEARN 2024)\u00a0<\/b><\/i>. Palma de Mallorca, Spain: IATED.<\/p>\n<\/div>\n<div class=\"\">P\u00e9rez-S\u00e1nchez, Modesto; Gomez Selles, Elena (2024).\u00a0<i><strong>Peer Review By Students To Measure The Acquisition Of The Learning Results In Fluid Mechanics<\/strong><\/i>. EN\u00a0<i><b>16th International Conference on Education and New Learning Technologies (EDULEARN 2024)\u00a0<\/b><\/i>. Palma de Mallorca, Spain: IATED.<\/div>\n<div><\/div>\n<div>Garc\u00eda-Espinal, Melvin Alfonso; P\u00e9rez-S\u00e1nchez, Modesto; S\u00e1nchez-Romero, Francisco-Javier; L\u00f3pez Jim\u00e9nez, Petra Amparo (2024).\u00a0<i><strong>Generaci\u00f3n de A\u00f1os Sint\u00e9ticos en Sistemas Hidr\u00e1ulico de Regad\u00edo: Desarrollo de una metodolog\u00eda basada en funciones de distribuci\u00f3n en MATLAB<\/strong><\/i>. EN\u00a0<i><b>XI Congreso I+D+i Campus de Alcoi. Creando sinergias<\/b><\/i>. Alcoy, Espa\u00f1a.<\/div>\n<div><\/div>\n<div>L\u00f3pez Jim\u00e9nez, Petra Amparo; C. Cuellar; P\u00e9rez-S\u00e1nchez, Modesto; S\u00e1nchez-Romero, Francisco-Javier; Ramos, Helena M. (2024).\u00a0<i><strong>Digitalization for modelling: the importance of data for improving sustainability in water distribution systems<\/strong><\/i>. EN\u00a0<i><b>8th IAHR Europe Congress<\/b><\/i>. (1 &#8211; 4). Lisbon, Portugal.<\/div>\n<p><strong>2023<\/strong><\/p>\n<div class=\"upv_listanon\">\n<p>Garcia-Rodriguez, Camila Andrea; S\u00e1nchez-Romero, Francisco-Javier; L\u00f3pez Jim\u00e9nez, Petra Amparo; P\u00e9rez-S\u00e1nchez, Modesto (2023).\u00a0<i><strong>Indicadores De Sostenibilidad En Redes De Distribuci\u00f3n De Agua: El En Camino De La Digitalizaci\u00f3n<\/strong><\/i>. EN\u00a0<i><b>XVII Congreso Iberoamericano sobre Sistemas de Abastecimiento, Saneamiento y Riego (SEREA23)<\/b><\/i>. C\u00f3rdoba, Espa\u00f1a: Universidad de C\u00f3rdoba.<\/p>\n<\/div>\n<div class=\"\">\n<p>S\u00e1nchez-Romero, Francisco-Javier; P\u00e9rez-S\u00e1nchez, Modesto; Red\u00f3n-Santaf\u00e9, Miguel; Torregrosa Soler, Juan Bautista; Ferrer Gisbert, Carlos Manuel; Ferran Gozalvez, Jos\u00e9 Javier &#8230; Zapata Raboso, Francisco Antonio (2023).\u00a0<i><strong>Consideraciones sobre la necesidad de la existencia de un inventario de balsas a nivel nacional<\/strong><\/i>. EN\u00a0<i><b>XXXIX Congreso Nacional de Riegos<\/b><\/i>. (1 &#8211; 10). \u00dabeda, Espa\u00f1a.<\/p>\n<\/div>\n<div class=\"upv_listanon\">\n<p>S\u00e1nchez-Romero, Francisco-Javier; P\u00e9rez-S\u00e1nchez, Modesto; Red\u00f3n-Santaf\u00e9, Miguel; Torregrosa Soler, Juan Bautista; Ferrer Gisbert, Andr\u00e9s; Ferrer Gisbert, Carlos Manuel &#8230; Zapata Raboso, Francisco Antonio (2023).\u00a0<i><strong>Contribuci\u00f3n al comportamiento hidr\u00e1ulico de aliviaderos tipo canal para balsas<\/strong><\/i>. EN\u00a0<i><b>XXXIX Congreso Nacional de Riegos<\/b><\/i>. (1 &#8211; 10). \u00dabeda, Espa\u00f1a.<\/p>\n<\/div>\n<div class=\"upv_listanon\">Garcia-Rodriguez, Camila Andrea; S\u00e1nchez-Romero, Francisco-Javier; L\u00f3pez Jim\u00e9nez, Petra Amparo; P\u00e9rez-S\u00e1nchez, Modesto (2023).\u00a0<i><strong>Sustainability monitored through indicators. Are they applicable in water networks?<\/strong><\/i>. EN\u00a0<i><b>40th IAHR World Congress 2023<\/b><\/i>. Vienna, Austria.<\/div>\n<p><strong>2022<\/strong><\/p>\n<p>Garcia-Rodriguez, Camila Andrea; L\u00f3pez Jim\u00e9nez, Petra Amparo; P\u00e9rez-S\u00e1nchez, Modesto (2022).\u00a0<i><strong>Methodology for analysis and implementation of sustainable indicators for SDGs compliance in urban water systems<\/strong><\/i>. EN\u00a0<i><b>3rd IAHR Young Professionals Congress<\/b><\/i>. Online.<\/p>\n<p>Camila Andrea; S\u00e1nchez-Romero, Francisco-Javier; L\u00f3pez Jim\u00e9nez, Petra Amparo; P\u00e9rez-S\u00e1nchez, Modesto (2022).\u00a0<i><strong>Microgeneraci\u00f3n y mejora de bombeos en redes de distribuci\u00f3n de agua: un compromiso con la sostenibilidad<\/strong><\/i>. EN\u00a0<i><b>IV Congreso Nacional del Agua Albatera<\/b><\/i>. Albatera, Espa\u00f1a.<\/p>\n<p>Camila Andrea; Conejos Fuertes, Pilar; Castillo Soria, Jaime-Jose; L\u00f3pez Jim\u00e9nez, Petra Amparo; P\u00e9rez-S\u00e1nchez, Modesto (2022).\u00a0<i><strong>Do urban water systems contribute to compliance of the SDGs?: case studies in Eastern Spain<\/strong><\/i>. EN\u00a0<i><b>7th IAHR Europe Congress<\/b><\/i>. Athens, Greece.<\/p>\n<p>Camila Andrea; Conejos Fuertes, Pilar; Castillo Soria, Jaime-Jose; L\u00f3pez Jim\u00e9nez, Petra Amparo; P\u00e9rez-S\u00e1nchez, Modesto (2022).\u00a0<i><strong>METHODOLOGY FOR ANALYSIS OF SGDs COMPLIANCE IN URBAN WATER SYSTEMS. IMPLEMENTATION IN CASE STUDIES IN THE VALENCIAN COMMUNITY<\/strong><\/i>. EN\u00a0<i><b>2nd International Joint Conference on Water Distribution System Analysis &amp; Computing and Control in the Water Industry (WDSA\/CCWI)<\/b><\/i>. Valencia, Espa\u00f1a.<\/p>\n<p>Mercedes-Garc\u00eda, \u00c1ngel Valent\u00edn; S\u00e1nchez-Romero, Francisco-Javier; L\u00f3pez Jim\u00e9nez, Petra Amparo; P\u00e9rez-S\u00e1nchez, Modesto (2022).\u00a0<i><strong>Applied methodology to estimate the characteristics curves of pumps working as turbines when the water manager only know the best efficiency point as pump<\/strong><\/i>. EN\u00a0<i><b>39th IAHR World Congress 2022<\/b><\/i>. Granada, Spain.<\/p>\n<p>Camila Garc\u00eda; L\u00f3pez Jim\u00e9nez, Petra Amparo; P\u00e9rez-S\u00e1nchez, Modesto (2022).\u00a0<i><strong>Assessing water distribution systems across indicators based on Sustainable Development Goals<\/strong><\/i>. EN\u00a0<i><b>39th IAHR World Congress 2022<\/b><\/i>. Granada, Spain.<\/p>\n<p>Conferencia C\u00e1tedra Aguas Val\u00e8ncia. Proyectos de innovaci\u00f3n para ciudades inteligentes 2022-02-26. <strong>Renaturalizaci\u00f3n y recuperaci\u00f3n energ\u00e9tica: ODS en nuestras redes de agua. <\/strong>[<a href=\"http:\/\/www.upv.es\/contenidos\/CATAGUAS\/info\/1184369normalc.html\">Programa<\/a>] [<a href=\"https:\/\/drive.google.com\/file\/d\/1YLSamrK7583m1u8O2_72sN-AtMzGlGNB\/view\">Jornada<\/a>]<\/p>\n<p><strong>2021<\/strong><\/p>\n<p>P\u00e9rez-S\u00e1nchez, Modesto; L\u00f3pez Jim\u00e9nez, Petra Amparo; Sanchis, R.. (2021)\u00a0<i><strong>Project-Based Learning Applied in the Pandemic Scenario. Case Study: Fluid-Mechanical Engineering\u00a0<\/strong><\/i>. ICERI Proceedings3764 &#8211; 3769. (https:\/\/iated.org\/iceri\/)<\/p>\n<p>Zapata Raboso, Francisco Antonio; S\u00e1nchez-Romero, Francisco-Javier; Caba\u00f1ero-Fern\u00e1ndez, Javier; Ferran Gozalvez, Jos\u00e9 Javier; Ferrer Gisbert, Andr\u00e9s; Ferrer Gisbert, Carlos Manuel &#8230; Jose Vinaches Ramis (2021).\u00a0<i><strong>Nuevas Funciones de las Balsas de Riego en una Transici\u00f3n hacia una agricultura m\u00e1s sostenible, en la Provincia de Alicante.<\/strong><\/i>. EN\u00a0<i><b>XXXVIII Congreso Nacional de Riegos Parte II<\/b><\/i>. (385 &#8211; 391). Cartagena, Spain: Universidad Polit\u00e9cnica de Cartagena.<\/p>\n<p>S\u00e1nchez-Romero, Francisco-Javier; Perez-Sanchez, Modesto; Red\u00f3n-Santaf\u00e9, Miguel; Torregrosa Soler, Juan Bautista; Ferrer Gisbert, Carlos Manuel; Ferran Gozalvez, Jos\u00e9 Javier &#8230; Zapata Raboso, Francisco Antonio (2021).\u00a0<i><strong>Contribuci\u00f3n a la caracterizaci\u00f3n geom\u00e9trica de balsas como herramienta para el c\u00e1lculo de indicadores de sostenibilidad<\/strong><\/i>. EN\u00a0<i><b>XXXVIII Congreso Nacional de Riegos Parte II<\/b><\/i>. (375 &#8211; 384). Cartagena, Spain: Universidad Polit\u00e9cnica de Cartagena.<\/p>\n<p>&nbsp;<\/p>\n<p>&nbsp;<\/p>\n<p><!--themify_builder_static--><!--\/themify_builder_static--><\/p>\n","protected":false},"excerpt":{"rendered":"<p>2024 P\u00e9rez-S\u00e1nchez, Modesto; Sanchis, R.; S\u00e1nchez-Romero, Francisco-Javier (2024).\u00a0Hydraulic And Business Engineering Education: Partnerships With Industry For Sdg Progress. EN\u00a016th International Conference on Education and New Learning Technologies (EDULEARN 2024)\u00a0. Palma de Mallorca, Spain: IATED. P\u00e9rez-S\u00e1nchez, Modesto; Gomez Selles, Elena (2024).\u00a0Peer Review By Students To Measure The Acquisition Of The Learning Results In Fluid Mechanics. EN\u00a016th [&hellip;]<\/p>\n","protected":false},"author":35003,"featured_media":0,"parent":5477,"menu_order":0,"comment_status":"closed","ping_status":"closed","template":"","meta":{"om_disable_all_campaigns":false,"_monsterinsights_skip_tracking":false,"_monsterinsights_sitenote_active":false,"_monsterinsights_sitenote_note":"","_monsterinsights_sitenote_category":0,"footnotes":""},"class_list":["post-5481","page","type-page","status-publish","hentry","has-post-title","has-post-date","has-post-category","has-post-tag","has-post-comment","has-post-author",""],"_links":{"self":[{"href":"https:\/\/ai4s.blogs.upv.es\/index.php?rest_route=\/wp\/v2\/pages\/5481","targetHints":{"allow":["GET"]}}],"collection":[{"href":"https:\/\/ai4s.blogs.upv.es\/index.php?rest_route=\/wp\/v2\/pages"}],"about":[{"href":"https:\/\/ai4s.blogs.upv.es\/index.php?rest_route=\/wp\/v2\/types\/page"}],"author":[{"embeddable":true,"href":"https:\/\/ai4s.blogs.upv.es\/index.php?rest_route=\/wp\/v2\/users\/35003"}],"replies":[{"embeddable":true,"href":"https:\/\/ai4s.blogs.upv.es\/index.php?rest_route=%2Fwp%2Fv2%2Fcomments&post=5481"}],"version-history":[{"count":3,"href":"https:\/\/ai4s.blogs.upv.es\/index.php?rest_route=\/wp\/v2\/pages\/5481\/revisions"}],"predecessor-version":[{"id":6024,"href":"https:\/\/ai4s.blogs.upv.es\/index.php?rest_route=\/wp\/v2\/pages\/5481\/revisions\/6024"}],"up":[{"embeddable":true,"href":"https:\/\/ai4s.blogs.upv.es\/index.php?rest_route=\/wp\/v2\/pages\/5477"}],"wp:attachment":[{"href":"https:\/\/ai4s.blogs.upv.es\/index.php?rest_route=%2Fwp%2Fv2%2Fmedia&parent=5481"}],"curies":[{"name":"wp","href":"https:\/\/api.w.org\/{rel}","templated":true}]}}