{"id":5548,"date":"2022-04-21T14:24:19","date_gmt":"2022-04-21T14:24:19","guid":{"rendered":"https:\/\/ai4s.blogs.upv.es\/?page_id=5548"},"modified":"2025-12-09T12:43:30","modified_gmt":"2025-12-09T12:43:30","slug":"sustainable-energy-transition","status":"publish","type":"page","link":"https:\/\/ai4s.blogs.upv.es\/?page_id=5548","title":{"rendered":"Sustainable Energy Transition,\u201d Mechanical and Electrical Engineering Must Swing Together!"},"content":{"rendered":"<h3 class=\"LC20lb MBeuO DKV0Md\"><img loading=\"lazy\" decoding=\"async\" class=\"size-full wp-image-5531 aligncenter\" src=\"https:\/\/ai4s.blogs.upv.es\/wp-content\/uploads\/2022\/04\/erasmus.png\" alt=\"\" width=\"341\" height=\"70\" \/><\/h3>\n<p>&nbsp;<\/p>\n<p>Este curso est\u00e1 establecido dentro del programa Erasmus STA, desarrollado en base al convenio entre la Universitat Polit\u00e8cnica de Val\u00e8ncia y el Instituto Superior de Lisboa<\/p>\n<h3 class=\"LC20lb MBeuO DKV0Md\"><img loading=\"lazy\" decoding=\"async\" class=\"alignnone wp-image-5552\" src=\"https:\/\/ai4s.blogs.upv.es\/wp-content\/uploads\/2022\/04\/IST-LISBON.png\" alt=\"\" width=\"256\" height=\"107\" \/><img loading=\"lazy\" decoding=\"async\" class=\"wp-image-5533 alignright\" src=\"https:\/\/ai4s.blogs.upv.es\/wp-content\/uploads\/2022\/04\/upvdihma.png\" alt=\"\" width=\"298\" height=\"87\" \/><\/h3>\n<p><!--themify_builder_static--><\/p>\n<ul>\n<li>\n<h4>Profesores<\/h4>\n<p><strong><em><u>Prof. P.J. Costa Branco<\/u><\/em><\/strong><\/p>\n<p><img loading=\"lazy\" decoding=\"async\" src=\"https:\/\/ai4s.blogs.upv.es\/wp-content\/uploads\/2022\/04\/branco.jpg\" alt=\"\" width=\"133\" height=\"166\" \/><\/p>\n<p>Paulo Jos\u00e9 da Costa Branco is Associate Professor with Habilitation (IST) in Instituto Superior T\u00e9cnico (IST), Universidade de Lisboa (UL). He graduated in 1992 in Electrical and Computer Engineering from IST. In the same year, he obtained his Master&#8217;s degree in Electrical and Computer Engineering from IST, and on July 1998 he concluded a Ph.D. in Electrical and Computer Engineering also at IST. In the last 5 years, he was authored more than 45 peer-reviewed scientific papers published in JCR indexed journals and publications in conference proceedings.<\/p>\n<p>He is currently focused on:<\/p>\n<ol>\n<li>Photovoltaic (PV) systems operation and maintenance (PV O&amp;M): multi-objective optimization to minimize the economic and energy costs over the life-cycle;<\/li>\n<li>Operation of induction generators when isolated from the power grid and under variable speed in the pump as working turbines (PATs);<\/li>\n<li>Criticality in the smart grid operation environment: definition of reliability models for both cyber and power equipment;<\/li>\n<li>The use of bulk high-temperature superconducting materials inserted in the magnetic circuit of electromechanical systems to increase its power density.<\/li>\n<\/ol>\n<p>Currently, 5 Ph.D. and 60 MSc dissertations have been completed under his supervision. He has participated in several projects, among them: European-Union funded projects: (2016\/20) REDAWN; (2016\/18) \u2013 Solar CPC PVT Production (program Eurostars), SAMBA \u2013 smart actuator and modular braking applications (program BRITE\/EURAM iii), (1993\/96) \u2013 EPICA &#8211; all-electric aircraft flight control actuation (program BRITE\/EURAM ii- phase 2); (1990\/1992) \u2013 all-electric aircraft flight control actuation (program BRITE\/EURAM i-phase 1). He is currently a member of the IEEE Council on Superconductivity as the IEEE Power &amp; Energy representative. In 2021, he started his functions as Assistant Coordinator of the Central Intelligent Systems in research center IDMEC\/LAETA, covering the areas of Energy Conversion. In 2022 he was elected chair of IEEE Portugal Section of Power and Energy Society. In addition, he was considered the world\u2019s top 2% researcher in Electrical Engineering by Stanford University.<\/p>\n<p><strong><u>Prof. Jo\u00e3o Fernandes<\/u><\/strong><\/p>\n<p><img loading=\"lazy\" decoding=\"async\" src=\"https:\/\/ai4s.blogs.upv.es\/wp-content\/uploads\/2022\/04\/joao.png\" alt=\"\" width=\"122\" height=\"127\" \/><\/p>\n<p>Prof. Jo\u00e3o Fernandes is an Assistant Professor of Electrical and Computers Engineering at Instituto Superior T\u00e9cnico from the University of Lisbon, where his work aims to expand the current limits of electrical machines, using emerging advanced electromagnetic materials. He focus on developing new machines that integrate two characteristics: (a) higher efficiency to reduce energy consumption, and (b) high specific power\/torque to reduce size and weight. In the last five years, he has 26 publications in international journals, such as IEEE trans. on Industrial Electronics, IEEE trans. on Energy Conversion, IEEE trans. on Magnetic, among others, and 19 publications in international conferences.<\/p>\n<p>In 2017, he finished his Ph.D. in the development of a new topology of spherical machine with a new soft magnetic material. In 2017 under a postdoc, he began to focus on superconductor technologies as a possible solution for achieving high efficiency and power electrical machines. He became co-supervisor of two Ph.D. students for this work and, in 2018, he won a highly competitive international position as Assistant Professor at Instituto Superior T\u00e9cnico. To broaden and complement his work in new advanced materials, he started researching cobalt-iron alloys, with a Ph.D. student funded by Foundation for Science and Technology. This resulted in two (2) journal publications, one (1) conference communication and the \u201cOutstanding Paper Award\u201d. His recent collaborations focus on \u201ccryogenic and superconducting machines\u201d with Politecnico di Torino and on \u201coptimization of self-excited induction machines\u201d with Universitat Polit\u00e9cnica de Val\u00e8ncia. In 2022 he was elected secretary of IEEE Portugal Section of Power and Energy Society.<\/p>\n<p>He also served as guest editor in three special issues at Energies: 1. \u201cElectrical Machine Design 2020\u201d, 2. \u201cElectrical Machine Design 2021\u201d, 3. \u201cAdvanced Manufacturing and Materials for Next Generation Electrical Machines 2021\u201d.<\/li>\n<\/ul>\n<p><strong><em><u>Prof. P.J. Costa Branco<\/u><\/em><\/strong><\/p>\n<p><img loading=\"lazy\" decoding=\"async\" src=\"https:\/\/ai4s.blogs.upv.es\/wp-content\/uploads\/2022\/04\/branco.jpg\" alt=\"\" width=\"133\" height=\"166\" \/><\/p>\n<p>Paulo Jos\u00e9 da Costa Branco is Associate Professor with Habilitation (IST) in Instituto Superior T\u00e9cnico (IST), Universidade de Lisboa (UL). He graduated in 1992 in Electrical and Computer Engineering from IST. In the same year, he obtained his Master&#8217;s degree in Electrical and Computer Engineering from IST, and on July 1998 he concluded a Ph.D. in Electrical and Computer Engineering also at IST. In the last 5 years, he was authored more than 45 peer-reviewed scientific papers published in JCR indexed journals and publications in conference proceedings.<\/p>\n<p>He is currently focused on:<\/p>\n<ol>\n<li>Photovoltaic (PV) systems operation and maintenance (PV O&amp;M): multi-objective optimization to minimize the economic and energy costs over the life-cycle;<\/li>\n<li>Operation of induction generators when isolated from the power grid and under variable speed in the pump as working turbines (PATs);<\/li>\n<li>Criticality in the smart grid operation environment: definition of reliability models for both cyber and power equipment;<\/li>\n<li>The use of bulk high-temperature superconducting materials inserted in the magnetic circuit of electromechanical systems to increase its power density.<\/li>\n<\/ol>\n<p>Currently, 5 Ph.D. and 60 MSc dissertations have been completed under his supervision. He has participated in several projects, among them: European-Union funded projects: (2016\/20) REDAWN; (2016\/18) \u2013 Solar CPC PVT Production (program Eurostars), SAMBA \u2013 smart actuator and modular braking applications (program BRITE\/EURAM iii), (1993\/96) \u2013 EPICA &#8211; all-electric aircraft flight control actuation (program BRITE\/EURAM ii- phase 2); (1990\/1992) \u2013 all-electric aircraft flight control actuation (program BRITE\/EURAM i-phase 1). He is currently a member of the IEEE Council on Superconductivity as the IEEE Power &amp; Energy representative. In 2021, he started his functions as Assistant Coordinator of the Central Intelligent Systems in research center IDMEC\/LAETA, covering the areas of Energy Conversion. In 2022 he was elected chair of IEEE Portugal Section of Power and Energy Society. In addition, he was considered the world\u2019s top 2% researcher in Electrical Engineering by Stanford University.<\/p>\n<p><strong><u>Prof. Jo\u00e3o Fernandes<\/u><\/strong><\/p>\n<p><img loading=\"lazy\" decoding=\"async\" src=\"https:\/\/ai4s.blogs.upv.es\/wp-content\/uploads\/2022\/04\/joao.png\" alt=\"\" width=\"122\" height=\"127\" \/><\/p>\n<p>Prof. Jo\u00e3o Fernandes is an Assistant Professor of Electrical and Computers Engineering at Instituto Superior T\u00e9cnico from the University of Lisbon, where his work aims to expand the current limits of electrical machines, using emerging advanced electromagnetic materials. He focus on developing new machines that integrate two characteristics: (a) higher efficiency to reduce energy consumption, and (b) high specific power\/torque to reduce size and weight. In the last five years, he has 26 publications in international journals, such as IEEE trans. on Industrial Electronics, IEEE trans. on Energy Conversion, IEEE trans. on Magnetic, among others, and 19 publications in international conferences.<\/p>\n<p>In 2017, he finished his Ph.D. in the development of a new topology of spherical machine with a new soft magnetic material. In 2017 under a postdoc, he began to focus on superconductor technologies as a possible solution for achieving high efficiency and power electrical machines. He became co-supervisor of two Ph.D. students for this work and, in 2018, he won a highly competitive international position as Assistant Professor at Instituto Superior T\u00e9cnico. To broaden and complement his work in new advanced materials, he started researching cobalt-iron alloys, with a Ph.D. student funded by Foundation for Science and Technology. This resulted in two (2) journal publications, one (1) conference communication and the \u201cOutstanding Paper Award\u201d. His recent collaborations focus on \u201ccryogenic and superconducting machines\u201d with Politecnico di Torino and on \u201coptimization of self-excited induction machines\u201d with Universitat Polit\u00e9cnica de Val\u00e8ncia. In 2022 he was elected secretary of IEEE Portugal Section of Power and Energy Society.<\/p>\n<p>He also served as guest editor in three special issues at Energies: 1. \u201cElectrical Machine Design 2020\u201d, 2. \u201cElectrical Machine Design 2021\u201d, 3. \u201cAdvanced Manufacturing and Materials for Next Generation Electrical Machines 2021\u201d.<\/p>\n<ul>\n<li>\n<h4>Objetivos<\/h4>\n<p>Tesla Model S + Papel higi\u00e9nico + TGVs + Aerogeneradores + Bombas hidr\u00e1ulicas + Alimentos para animales + Buques navales + Lavadoras de ropa, Bimby + Aviones, Levadura de Fleischmann: \u00bfQu\u00e9 tienen en com\u00fan? \u00bfQu\u00e9 dicen sobre la \u00absostenibilidad energ\u00e9tica\u00bb? \u00bfPor qu\u00e9 las citas y no una competici\u00f3n entre la mec\u00e1nica y la electricidad? \u00a1Este es ya el mundo en el que vives! Cambiemos las ideas sobre estos temas. \u00a1Escuchemos TUS ideas!<\/p>\n<p>&nbsp;<\/li>\n<\/ul>\n<p>Tesla Model S + Papel higi\u00e9nico + TGVs + Aerogeneradores + Bombas hidr\u00e1ulicas + Alimentos para animales + Buques navales + Lavadoras de ropa, Bimby + Aviones, Levadura de Fleischmann: \u00bfQu\u00e9 tienen en com\u00fan? \u00bfQu\u00e9 dicen sobre la \u00absostenibilidad energ\u00e9tica\u00bb? \u00bfPor qu\u00e9 las citas y no una competici\u00f3n entre la mec\u00e1nica y la electricidad? \u00a1Este es ya el mundo en el que vives! Cambiemos las ideas sobre estos temas. \u00a1Escuchemos TUS ideas!<\/p>\n<p>&nbsp;<\/p>\n<ul>\n<li>\n<h4>Resumen Formaci\u00f3n<\/h4>\n<p>Tesla Model S + Papel higi\u00e9nico + TGVs + Aerogeneradores + Bombas hidr\u00e1ulicas + Alimentos para animales + Buques navales + Lavadoras de ropa, Bimby + Aviones, Levadura de Fleischmann: \u00bfQu\u00e9 tienen en com\u00fan? \u00bfQu\u00e9 dicen sobre la \u00absostenibilidad energ\u00e9tica\u00bb? \u00bfPor qu\u00e9 las citas y no una competici\u00f3n entre la mec\u00e1nica y la electricidad? \u00a1Este es ya el mundo en el que vives! Cambiemos las ideas sobre estos temas. \u00a1Escuchemos TUS ideas!<\/p>\n<p>&nbsp;<\/li>\n<\/ul>\n<p>Tesla Model S + Papel higi\u00e9nico + TGVs + Aerogeneradores + Bombas hidr\u00e1ulicas + Alimentos para animales + Buques navales + Lavadoras de ropa, Bimby + Aviones, Levadura de Fleischmann: \u00bfQu\u00e9 tienen en com\u00fan? \u00bfQu\u00e9 dicen sobre la \u00absostenibilidad energ\u00e9tica\u00bb? \u00bfPor qu\u00e9 las citas y no una competici\u00f3n entre la mec\u00e1nica y la electricidad? \u00a1Este es ya el mundo en el que vives! Cambiemos las ideas sobre estos temas. \u00a1Escuchemos TUS ideas!<\/p>\n<p>&nbsp;<\/p>\n<ul>\n<li>\n<h4>Lugar y Fecha<\/h4>\n<p>D\u00eda: Jueves 28 de abril de 2022<\/p>\n<p>Hora: 12:30<\/p>\n<p>Lugar: Sala multiusos<\/li>\n<\/ul>\n<p>D\u00eda: Jueves 28 de abril de 2022<\/p>\n<p>Hora: 12:30<\/p>\n<p>Lugar: Sala multiusos<\/p>\n<p><!--\/themify_builder_static--><\/p>\n","protected":false},"excerpt":{"rendered":"<p>&nbsp; Este curso est\u00e1 establecido dentro del programa Erasmus STA, desarrollado en base al convenio entre la Universitat Polit\u00e8cnica de Val\u00e8ncia y el Instituto Superior de Lisboa Profesores Prof. P.J. Costa Branco Paulo Jos\u00e9 da Costa Branco is Associate Professor with Habilitation (IST) in Instituto Superior T\u00e9cnico (IST), Universidade de Lisboa (UL). He graduated in [&hellip;]<\/p>\n","protected":false},"author":35003,"featured_media":0,"parent":5083,"menu_order":0,"comment_status":"closed","ping_status":"closed","template":"","meta":{"om_disable_all_campaigns":false,"_monsterinsights_skip_tracking":false,"_monsterinsights_sitenote_active":false,"_monsterinsights_sitenote_note":"","_monsterinsights_sitenote_category":0,"footnotes":""},"class_list":["post-5548","page","type-page","status-publish","hentry","has-post-title","has-post-date","has-post-category","has-post-tag","has-post-comment","has-post-author",""],"_links":{"self":[{"href":"https:\/\/ai4s.blogs.upv.es\/index.php?rest_route=\/wp\/v2\/pages\/5548","targetHints":{"allow":["GET"]}}],"collection":[{"href":"https:\/\/ai4s.blogs.upv.es\/index.php?rest_route=\/wp\/v2\/pages"}],"about":[{"href":"https:\/\/ai4s.blogs.upv.es\/index.php?rest_route=\/wp\/v2\/types\/page"}],"author":[{"embeddable":true,"href":"https:\/\/ai4s.blogs.upv.es\/index.php?rest_route=\/wp\/v2\/users\/35003"}],"replies":[{"embeddable":true,"href":"https:\/\/ai4s.blogs.upv.es\/index.php?rest_route=%2Fwp%2Fv2%2Fcomments&post=5548"}],"version-history":[{"count":5,"href":"https:\/\/ai4s.blogs.upv.es\/index.php?rest_route=\/wp\/v2\/pages\/5548\/revisions"}],"predecessor-version":[{"id":6135,"href":"https:\/\/ai4s.blogs.upv.es\/index.php?rest_route=\/wp\/v2\/pages\/5548\/revisions\/6135"}],"up":[{"embeddable":true,"href":"https:\/\/ai4s.blogs.upv.es\/index.php?rest_route=\/wp\/v2\/pages\/5083"}],"wp:attachment":[{"href":"https:\/\/ai4s.blogs.upv.es\/index.php?rest_route=%2Fwp%2Fv2%2Fmedia&parent=5548"}],"curies":[{"name":"wp","href":"https:\/\/api.w.org\/{rel}","templated":true}]}}