{"id":6360,"date":"2025-12-21T11:01:13","date_gmt":"2025-12-21T11:01:13","guid":{"rendered":"https:\/\/ai4s.blogs.upv.es\/?page_id=6360"},"modified":"2025-12-21T11:02:43","modified_gmt":"2025-12-21T11:02:43","slug":"ai2024-2","status":"publish","type":"page","link":"https:\/\/ai4s.blogs.upv.es\/?page_id=6360","title":{"rendered":"AI2025"},"content":{"rendered":"<ol>\n<li>\n<div class=\"\">Oscar; Coronado-Hern\u00e1ndez, Oscar Enrique; Ramos, Helena M.; Arrieta-Pastrana, Alfonso; P\u00e9rez-S\u00e1nchez, Modesto. (2025)\u00a0<i><strong>Water Hammer Mitigation Using Hydro-Pneumatic Tanks: A Multi-Criteria Evaluation of Simulation Tools and Machine Learning Modelling<\/strong><\/i>. Water, 17 (13), \u2013 .\u00a0<a href=\"https:\/\/doi.org\/10.3390\/w17131883\" target=\"_doi\">10.3390\/w17131883<\/a><\/div>\n<\/li>\n<li>\n<div class=\"\">Stefany Anaya-Pallares; Humberto Avila-Rangel ; Coronado-Hern\u00e1ndez, Oscar Enrique; Augusto H. Sisa-Camargo ; P\u00e9rez-S\u00e1nchez, Modesto. (2025)\u00a0<i><strong>Incorporating Uncertainty and Failure Probability in the Design of Urban Stormwater Channels for Resilient Cities<\/strong><\/i>. Water, 17 (13), \u2013 .\u00a0<a href=\"https:\/\/doi.org\/10.3390\/w17131918\" target=\"_doi\">10.3390\/w17131918<\/a><\/div>\n<\/li>\n<li>\n<div class=\"\">Arrieta-Pastrana A; Edwin A. Mart\u00ednez-Padilla; P\u00e9rez-S\u00e1nchez, Modesto; Coronado-Hern\u00e1ndez, Oscar Enrique; Ramos, Helena M.. (2025)\u00a0<i><strong>Assessing the Impact of Hydraulic Control Structures on Hydrodynamic Modelling in Shallow Waters<\/strong><\/i>. Journal of Marine Science and Engineering, 13 (7), \u2013 .\u00a0<a href=\"https:\/\/doi.org\/10.3390\/jmse13071233\" target=\"_doi\">10.3390\/jmse13071233<\/a><\/div>\n<\/li>\n<li>\n<div class=\"\">Ramos, Helena M.; Jo\u00e3o Coehlo; Bekci, E; Toni X. Adrover; Coronado-Hern\u00e1ndez, Oscar Enrique; P\u00e9rez-S\u00e1nchez, Modesto \u2026 R Espina-Vald\u00e9s. (2025)\u00a0<i><strong>Optimization and Machine Learning in Modeling Approaches to Hybrid Energy Balance to Improve Ports\u0092 Efficiency<\/strong><\/i>. Applied Sciences, 5 (9), 1 \u2013 34.\u00a0<a href=\"https:\/\/doi.org\/10.3390\/app15095211\" target=\"_doi\">10.3390\/app15095211<\/a><\/div>\n<\/li>\n<li>\n<div class=\"\">\u00a0Remache Abel; P\u00e9rez-S\u00e1nchez, Modesto; Victor Hugo Hidalgo; Ramos, Helena M.. (2025)\u00a0<i><strong>Hybrid Optimization Approaches for Impeller Design in Turbomachinery: Methods, Metrics, and Design Strategies<\/strong><\/i>. Water, 17 (13), 1 \u2013 35.\u00a0<a href=\"https:\/\/doi.org\/10.3390\/w17131976\" target=\"_doi\">10.3390\/w17131976<\/a><\/div>\n<\/li>\n<li>\n<div class=\"\">Fuertes-Miquel, Vicente S.; Coronado-Hern\u00e1ndez, Oscar Enrique; S\u00e1nchez-Romero, Francisco-Javier; Saba, Manuel ; P\u00e9rez-S\u00e1nchez, Modesto. (2025)\u00a0<i><strong>Assessing Air-Pocket Pressure Peaks During Water Filling Operations Using Dimensionless Equations<\/strong><\/i>. Mathematics , 13 (2), \u2013 .\u00a0<a href=\"https:\/\/doi.org\/10.3390\/math13020267\" target=\"_doi\">10.3390\/math13020267<\/a><\/div>\n<\/li>\n<li>\n<div class=\"\">Coronado-Hern\u00e1ndez, Oscar Enrique; Alfonso Arrieta-Pastrana; P\u00e9rez-S\u00e1nchez, Modesto. (2025)\u00a0<i><strong>Explicit scheme approach for calculating rainwater harvesting: proposed model and practical application<\/strong><\/i>. Urban Water Journal1 \u2013 10.\u00a0<a href=\"https:\/\/doi.org\/10.1080\/1573062X.2025.2496955\" target=\"_doi\">10.1080\/1573062X.2025.2496955<\/a><\/div>\n<\/li>\n<li>\n<div class=\"\">Diego; P\u00e9rez-S\u00e1nchez, Modesto; S\u00e1nchez-Romero, Francisco-Javier; Coronado-Hern\u00e1ndez, Oscar Enrique. (2025)\u00a0<i><strong>Assessment of the Effectiveness of Green Infrastructure Interventions to Enhance the Ecosystem Services in Developing Countries<\/strong><\/i>. Urban Science, 6 (52), 1 \u2013 32.\u00a0<a href=\"https:\/\/doi.org\/10.3390\/urbansci9030085\" target=\"_doi\">10.3390\/urbansci9030085<\/a><\/div>\n<\/li>\n<li>\n<div class=\"\">Coronado-Hern\u00e1ndez, Oscar Enrique; Arrieta-Pastrana A; Mouth\u00f3n-Bello, Javier A. ; P\u00e9rez-S\u00e1nchez, Modesto; Ramos, Helena M.. (2025)\u00a0<i><strong>Assessing Air Pocket Pressure Pulses in Sealed Manholes of Urban Drainage Systems Under Pressurisation Conditions<\/strong><\/i>. Water, 17, 1 \u2013 12.\u00a0<a href=\"https:\/\/doi.org\/10.3390\/w17070984\" target=\"_doi\">10.3390\/w17070984<\/a><\/div>\n<\/li>\n<li>Miguel \u00c1ngel; S\u00e1nchez-Romero, Francisco-Javier; Zapata Raboso, Francisco Antonio; Ramos, Helena M.; P\u00e9rez-S\u00e1nchez, Modesto. (2025)\u00a0<i><strong>Hybrid regulation of non-conventional water sources powered by renewable energy: advancing circular water management for coastal cities resilience<\/strong><\/i>. Water Research, 287 (1 December 225), 1 \u2013 16.\u00a0<a href=\"https:\/\/doi.org\/10.1016\/j.watres.2025.124477\" target=\"_doi\">10.1016\/j.watres.2025.124477<\/a><\/li>\n<li>Mateo Narvaez; Jeremy Guam\u00e1n; Victor Hugo Hidalgo; P\u00e9rez-S\u00e1nchez, Modesto; Ramos, Helena M.. (2025)\u00a0<i><strong>Lagrangian Simulation of Sediment Erosion in Francis Turbines Using a Computational Tool in Python Coupled with OpenFOAM<\/strong><\/i>. Machines (Basel), 13 (8), 1 \u2013 26.\u00a0<a href=\"https:\/\/doi.org\/10.3390\/machines13080725\" target=\"_doi\">10.3390\/machines13080725<\/a><\/li>\n<li>Ramos, Helena M.; P\u00e9rez-S\u00e1nchez, Modesto; Tiago Correia; Bekci, E; Mohsen Besharat; Alban Kuriqui; Coronado-Hern\u00e1ndez, Oscar Enrique. (2025)\u00a0<i><strong>Contributions toward net-zero carbon in the water sector: application to a case study<\/strong><\/i>. Aqua: Water infrastructure, ecosystems and society (Online)1 \u2013 18.\u00a0<a href=\"https:\/\/doi.org\/10.2166\/aqua.2025.031\" target=\"_doi\">10.2166\/aqua.2025.031<\/a><\/li>\n<li>Tejada-Tovar, Candelaria ; Villabona-Ort\u00edz, \u00c1ngel; Coronado-Hern\u00e1ndez, Oscar E.; P\u00e9rez-S\u00e1nchez, Modesto; Hueto-Polo, Mar\u00eda. (2025)\u00a0<i><strong>Use of Cedrela odorata L. as a Biomaterial for Dye Adsorption in Wastewater: Simulation and Machine Learning Approaches for Scale-Up Analysis<\/strong><\/i>. Processes , 13 (9), 1 \u2013 20.\u00a0<a href=\"https:\/\/doi.org\/10.3390\/pr13092907\" target=\"_doi\">10.3390\/pr13092907<\/a><\/li>\n<li>Ramos, Helena M.; Coronado-Hern\u00e1ndez, Oscar E.; Besharat, Mohsen; Carraveta, Armando; Fecarrotta, Oreste; P\u00e9rez-S\u00e1nchez, Modesto. (2025)\u00a0<i><strong>Energy Storage Systems in Micro-Grid of Hybrid Renewable Energy Solutions<\/strong><\/i>. Technologies , 13 (11), 1 \u2013 20.\u00a0<a href=\"https:\/\/doi.org\/10.3390\/technologies13110527\" target=\"_doi\">10.3390\/technologies1311052<\/a><\/li>\n<li>Soehlemann, Nicolas; P\u00e9rez-S\u00e1nchez, Modesto; Coronado-Hern\u00e1ndez, Oscar E.; McNabola, Aonghus; Quintino, Ant\u00f3nio; Ramos, Helena M.. (2025)\u00a0<i><strong>Optimization Tool of Hybrid Energy Systems Toward a New Integrated Solution to Improve the Fish Sector\u0092s Effectiveness<\/strong><\/i>. Water, 17 (22), 1 \u2013 29.\u00a0<a href=\"https:\/\/doi.org\/10.3390\/w17223242\" target=\"_doi\">10.3390\/w17223242<\/a><\/li>\n<li>Coronado-Hern\u00e1ndez, Oscar Enrique; Alfonso Arrieta-Pastrana; P\u00e9rez-S\u00e1nchez, Modesto. (2025)\u00a0<i><strong>Explicit scheme approach for calculating rainwater harvesting: proposed model and practical application<\/strong><\/i>. Urban Water Journal1 \u2013 10.\u00a0<a href=\"https:\/\/doi.org\/10.1080\/1573062X.2025.2496955\" target=\"_doi\">10.1080\/1573062X.2025.2496955<\/a><\/li>\n<li>Ramos, Helena M.; Soehlemann, Nicolas; Bekci, Eyup ; Coronado-Hern\u00e1ndez, Oscar E.; P\u00e9rez-S\u00e1nchez, Modesto; McNabola, Aonghus ; Gallagher, John. (2025)\u00a0<i><strong>Challenges in Aquaculture Hybrid Energy Management: Optimization Tools, New Solutions, and Comparative Evaluations<\/strong><\/i>. Technologies , 13 (1), \u2013 .\u00a0<a href=\"https:\/\/doi.org\/10.3390\/technologies13100453\" target=\"_doi\">10.3390\/technologies13100453<\/a><\/li>\n<li>Ramos, Helena M.; Jo\u00e3o Coehlo; Bekci, E; Toni X. Adrover; Coronado-Hern\u00e1ndez, Oscar Enrique; P\u00e9rez-S\u00e1nchez, Modesto \u2026 R Espina-Vald\u00e9s. (2025)\u00a0<i><strong>Optimization and Machine Learning in Modeling Approaches to Hybrid Energy Balance to Improve Ports\u0092 Efficiency<\/strong><\/i>. Applied Sciences, 5 (9), 1 \u2013 34.\u00a0<a href=\"https:\/\/doi.org\/10.3390\/app15095211\" target=\"_doi\">10.3390\/app15095211<\/a><\/li>\n<li><\/li>\n<\/ol>\n<p><!--themify_builder_static--><!--\/themify_builder_static--><\/p>\n","protected":false},"excerpt":{"rendered":"<p>Oscar; Coronado-Hern\u00e1ndez, Oscar Enrique; Ramos, Helena M.; Arrieta-Pastrana, Alfonso; P\u00e9rez-S\u00e1nchez, Modesto. (2025)\u00a0Water Hammer Mitigation Using Hydro-Pneumatic Tanks: A Multi-Criteria Evaluation of Simulation Tools and Machine Learning Modelling. Water, 17 (13), \u2013 .\u00a010.3390\/w17131883 Stefany Anaya-Pallares; Humberto Avila-Rangel ; Coronado-Hern\u00e1ndez, Oscar Enrique; Augusto H. Sisa-Camargo ; P\u00e9rez-S\u00e1nchez, Modesto. (2025)\u00a0Incorporating Uncertainty and Failure Probability in the Design of [&hellip;]<\/p>\n","protected":false},"author":35003,"featured_media":0,"parent":3939,"menu_order":0,"comment_status":"closed","ping_status":"closed","template":"","meta":{"om_disable_all_campaigns":false,"_monsterinsights_skip_tracking":false,"_monsterinsights_sitenote_active":false,"_monsterinsights_sitenote_note":"","_monsterinsights_sitenote_category":0,"footnotes":""},"class_list":["post-6360","page","type-page","status-publish","hentry","has-post-title","has-post-date","has-post-category","has-post-tag","has-post-comment","has-post-author",""],"_links":{"self":[{"href":"https:\/\/ai4s.blogs.upv.es\/index.php?rest_route=\/wp\/v2\/pages\/6360","targetHints":{"allow":["GET"]}}],"collection":[{"href":"https:\/\/ai4s.blogs.upv.es\/index.php?rest_route=\/wp\/v2\/pages"}],"about":[{"href":"https:\/\/ai4s.blogs.upv.es\/index.php?rest_route=\/wp\/v2\/types\/page"}],"author":[{"embeddable":true,"href":"https:\/\/ai4s.blogs.upv.es\/index.php?rest_route=\/wp\/v2\/users\/35003"}],"replies":[{"embeddable":true,"href":"https:\/\/ai4s.blogs.upv.es\/index.php?rest_route=%2Fwp%2Fv2%2Fcomments&post=6360"}],"version-history":[{"count":6,"href":"https:\/\/ai4s.blogs.upv.es\/index.php?rest_route=\/wp\/v2\/pages\/6360\/revisions"}],"predecessor-version":[{"id":6366,"href":"https:\/\/ai4s.blogs.upv.es\/index.php?rest_route=\/wp\/v2\/pages\/6360\/revisions\/6366"}],"up":[{"embeddable":true,"href":"https:\/\/ai4s.blogs.upv.es\/index.php?rest_route=\/wp\/v2\/pages\/3939"}],"wp:attachment":[{"href":"https:\/\/ai4s.blogs.upv.es\/index.php?rest_route=%2Fwp%2Fv2%2Fmedia&parent=6360"}],"curies":[{"name":"wp","href":"https:\/\/api.w.org\/{rel}","templated":true}]}}